{"id":1157,"date":"2023-10-08T13:19:47","date_gmt":"2023-10-08T16:19:47","guid":{"rendered":"https:\/\/repositorio.abejor.org.br\/?post_type=anal&#038;p=1157"},"modified":"2023-10-08T13:19:47","modified_gmt":"2023-10-08T16:19:47","slug":"projeto-pratico-a-distancia-o-caso-da-tale-mag","status":"publish","type":"anal","link":"https:\/\/repositorio.abejor.org.br\/?anal=projeto-pratico-a-distancia-o-caso-da-tale-mag","title":{"rendered":"PROJETO PR\u00c1TICO \u00c0 DIST\u00c2NCIA: O CASO DA TAL\u00c8 MAG"},"excerpt":{"rendered":"<p>Este relato de experi\u00eancia pretende expor modos de trabalho em grupo utilizados durante o<br \/>\nper\u00edodo de isolamento social devido \u00e0 covid-19, atrav\u00e9s da execu\u00e7\u00e3o de uma revista por alunos<br \/>\ndo 5\u00ba semestre do Bacharelado em Jornalismo.<\/p>\n","protected":false},"template":"","grupo_pesquisa":[12],"class_list":["post-1157","anal","type-anal","status-publish","hentry","grupo_pesquisa-producao-laboratorial-eletronicos-e-impressos"],"arquivo":{"ID":"1158","post_author":"2","post_date":"2023-10-08 13:17:58","post_date_gmt":"2023-10-08 16:17:58","post_content":"","post_title":"422-1488-1-PB","post_excerpt":"","post_status":"inherit","comment_status":"open","ping_status":"closed","post_password":"","post_name":"422-1488-1-pb","to_ping":"","pinged":"","post_modified":"2023-10-08 13:19:48","post_modified_gmt":"2023-10-08 16:19:48","post_content_filtered":"","post_parent":"1157","guid":"https:\/\/repositorio.abejor.org.br\/wp-content\/uploads\/2023\/10\/422-1488-1-PB.pdf","menu_order":"0","post_type":"attachment","post_mime_type":"application\/pdf","comment_count":"0","pod_item_id":"1158"},"autor":"Thamires Ribeiro de Mattos","palavras_chaves":"Jornalismo de revista, Cibercultura, Isolamento social, Educa\u00e7\u00e3o superior","evento":[{"ID":1046,"post_title":"20\u00ba Encontro Nacional de Professores de Jornalismo","post_content":"","post_excerpt":"O 20\u00ba Encontro Nacional de Professores de Jornalismo (20\u00ba ENPJ) e o XVI Ciclo Nacional de Pesquisa em Ensino e Extens\u00e3o, ocorreu entre os dias 9 a 11 de agosto de 2021, no formato remoto, devido \u00e0 pandemia da covid-19. O evento contou com 6 mesas de debate e confer\u00eancias, 58 apresenta\u00e7\u00f5es de trabalhos, entre outras atividades. Foi entregue o 2\u00ba Pr\u00eamio Abej para o pesquisador Eduardo Meditsch, da Universidade Federal de Santa Catarina.","post_author":"2","post_date":"2021-08-09 08:02:27","post_date_gmt":"2021-08-09 11:02:27","post_status":"publish","comment_status":"closed","ping_status":"closed","post_password":"","post_name":"20o-encontro-nacional-de-professores-de-jornalismo","to_ping":"","pinged":"","post_modified":"2023-10-11 16:42:08","post_modified_gmt":"2023-10-11 19:42:08","post_content_filtered":"","post_parent":0,"guid":"https:\/\/repositorio.abejor.org.br\/?post_type=evento&#038;p=1046","menu_order":0,"post_type":"evento","post_mime_type":"","comment_count":"0","comments":false,"_thumbnail_id":["1523","2","2023-10-11 16:37:42","2023-10-11 19:37:42","","9f00c2_1da3c54958614c63af4218132ecc1a64_mv2-768x465.jpg","","inherit","open","closed","","9f00c2_1da3c54958614c63af4218132ecc1a64_mv2-768x465-jpg-2","","","2023-10-11 16:37:42","2023-10-11 19:37:42","","1046","https:\/\/repositorio.abejor.org.br\/wp-content\/uploads\/2021\/08\/9f00c2_1da3c54958614c63af4218132ecc1a64_mv2-768x465.jpg.webp","0","attachment","image\/webp","0","1523"],"id":1046}],"grupo_de_pesquisa":[{"term_id":12,"name":"Produ\u00e7\u00e3o Laboratorial eletr\u00f4nicos e impressos","slug":"producao-laboratorial-eletronicos-e-impressos","description":"","taxonomy":"grupo_pesquisa","parent":0,"term_taxonomy_id":12,"term_group":0,"count":167,"object_id":null,"term_order":null,"id":12}],"_links":{"self":[{"href":"https:\/\/repositorio.abejor.org.br\/index.php\/wp-json\/wp\/v2\/anal\/1157","targetHints":{"allow":["GET"]}}],"collection":[{"href":"https:\/\/repositorio.abejor.org.br\/index.php\/wp-json\/wp\/v2\/anal"}],"about":[{"href":"https:\/\/repositorio.abejor.org.br\/index.php\/wp-json\/wp\/v2\/types\/anal"}],"wp:attachment":[{"href":"https:\/\/repositorio.abejor.org.br\/index.php\/wp-json\/wp\/v2\/media?parent=1157"}],"wp:term":[{"taxonomy":"grupo_pesquisa","embeddable":true,"href":"https:\/\/repositorio.abejor.org.br\/index.php\/wp-json\/wp\/v2\/grupo_pesquisa?post=1157"}],"curies":[{"name":"wp","href":"https:\/\/api.w.org\/{rel}","templated":true}]}}

PROJETO PRÁTICO À DISTÂNCIA: O CASO DA TALÈ MAG

<p>Este relato de experiência pretende expor modos de trabalho em grupo utilizados durante o<br />
período de isolamento social devido à covid-19, através da execução de uma revista por alunos<br />
do 5º semestre do Bacharelado em Jornalismo.</p>

Jornalismo de revista, Cibercultura, Isolamento social, Educação superior

20º Encontro Nacional de Professores de Jornalismo

O 20º Encontro Nacional de Professores de Jornalismo (20º ENPJ) e o XVI Ciclo Nacional de Pesquisa em Ensino e Extensão, ocorreu entre os dias 9 a 11 de agosto de 2021, no formato remoto, devido à pandemia da covid-19. O evento contou com 6 mesas de debate e conferências, 58 apresentações de trabalhos, entre outras atividades. Foi entregue o 2º Prêmio Abej para o pesquisador Eduardo Meditsch, da Universidade Federal de Santa Catarina.

Produção Laboratorial eletrônicos e impressos
