{"id":1155,"date":"2023-10-08T12:38:06","date_gmt":"2023-10-08T15:38:06","guid":{"rendered":"https:\/\/repositorio.abejor.org.br\/?post_type=anal&#038;p=1155"},"modified":"2023-10-08T12:38:06","modified_gmt":"2023-10-08T15:38:06","slug":"serie-de-entrevistas-cientistas-no-brasil","status":"publish","type":"anal","link":"https:\/\/repositorio.abejor.org.br\/?anal=serie-de-entrevistas-cientistas-no-brasil","title":{"rendered":"S\u00c9RIE DE ENTREVISTAS: CIENTISTAS NO BRASIL"},"excerpt":{"rendered":"<p>Este relato se refere ao projeto \u201cCientistas no Brasil\u201d proposto na disciplina \u201cConceitos e G\u00eaneros<br \/>\ndo Jornalismo\u201d da Escola de Comunica\u00e7\u00f5es e Artes da Universidade de S\u00e3o Paulo aos alunos do<br \/>\nprimeiro ano (semestre 2) do curso de jornalismo no segundo semestre de 2020.<\/p>\n","protected":false},"template":"","grupo_pesquisa":[12],"class_list":["post-1155","anal","type-anal","status-publish","hentry","grupo_pesquisa-producao-laboratorial-eletronicos-e-impressos"],"arquivo":{"ID":"1156","post_author":"2","post_date":"2023-10-08 12:37:39","post_date_gmt":"2023-10-08 15:37:39","post_content":"","post_title":"420-1485-1-PB","post_excerpt":"","post_status":"inherit","comment_status":"open","ping_status":"closed","post_password":"","post_name":"420-1485-1-pb","to_ping":"","pinged":"","post_modified":"2023-10-08 12:38:06","post_modified_gmt":"2023-10-08 15:38:06","post_content_filtered":"","post_parent":"1155","guid":"https:\/\/repositorio.abejor.org.br\/wp-content\/uploads\/2023\/10\/420-1485-1-PB.pdf","menu_order":"0","post_type":"attachment","post_mime_type":"application\/pdf","comment_count":"0","pod_item_id":"1156"},"autor":"Carla de Oliveira T\u00f4zo; Luciano Victor Barros Maluly","palavras_chaves":"Entrevista, Ci\u00eancia, Jornalismo, Divulga\u00e7\u00e3o Cient\u00edfica","evento":[{"ID":1046,"post_title":"20\u00ba Encontro Nacional de Professores de Jornalismo","post_content":"","post_excerpt":"O 20\u00ba Encontro Nacional de Professores de Jornalismo (20\u00ba ENPJ) e o XVI Ciclo Nacional de Pesquisa em Ensino e Extens\u00e3o, ocorreu entre os dias 9 a 11 de agosto de 2021, no formato remoto, devido \u00e0 pandemia da covid-19. O evento contou com 6 mesas de debate e confer\u00eancias, 58 apresenta\u00e7\u00f5es de trabalhos, entre outras atividades. Foi entregue o 2\u00ba Pr\u00eamio Abej para o pesquisador Eduardo Meditsch, da Universidade Federal de Santa Catarina.","post_author":"2","post_date":"2021-08-09 08:02:27","post_date_gmt":"2021-08-09 11:02:27","post_status":"publish","comment_status":"closed","ping_status":"closed","post_password":"","post_name":"20o-encontro-nacional-de-professores-de-jornalismo","to_ping":"","pinged":"","post_modified":"2023-10-11 16:42:08","post_modified_gmt":"2023-10-11 19:42:08","post_content_filtered":"","post_parent":0,"guid":"https:\/\/repositorio.abejor.org.br\/?post_type=evento&#038;p=1046","menu_order":0,"post_type":"evento","post_mime_type":"","comment_count":"0","comments":false,"_thumbnail_id":["1523","2","2023-10-11 16:37:42","2023-10-11 19:37:42","","9f00c2_1da3c54958614c63af4218132ecc1a64_mv2-768x465.jpg","","inherit","open","closed","","9f00c2_1da3c54958614c63af4218132ecc1a64_mv2-768x465-jpg-2","","","2023-10-11 16:37:42","2023-10-11 19:37:42","","1046","https:\/\/repositorio.abejor.org.br\/wp-content\/uploads\/2021\/08\/9f00c2_1da3c54958614c63af4218132ecc1a64_mv2-768x465.jpg.webp","0","attachment","image\/webp","0","1523"],"id":1046}],"grupo_de_pesquisa":[{"term_id":12,"name":"Produ\u00e7\u00e3o Laboratorial eletr\u00f4nicos e impressos","slug":"producao-laboratorial-eletronicos-e-impressos","description":"","taxonomy":"grupo_pesquisa","parent":0,"term_taxonomy_id":12,"term_group":0,"count":167,"object_id":null,"term_order":null,"id":12}],"_links":{"self":[{"href":"https:\/\/repositorio.abejor.org.br\/index.php\/wp-json\/wp\/v2\/anal\/1155","targetHints":{"allow":["GET"]}}],"collection":[{"href":"https:\/\/repositorio.abejor.org.br\/index.php\/wp-json\/wp\/v2\/anal"}],"about":[{"href":"https:\/\/repositorio.abejor.org.br\/index.php\/wp-json\/wp\/v2\/types\/anal"}],"wp:attachment":[{"href":"https:\/\/repositorio.abejor.org.br\/index.php\/wp-json\/wp\/v2\/media?parent=1155"}],"wp:term":[{"taxonomy":"grupo_pesquisa","embeddable":true,"href":"https:\/\/repositorio.abejor.org.br\/index.php\/wp-json\/wp\/v2\/grupo_pesquisa?post=1155"}],"curies":[{"name":"wp","href":"https:\/\/api.w.org\/{rel}","templated":true}]}}

SÉRIE DE ENTREVISTAS: CIENTISTAS NO BRASIL

<p>Este relato se refere ao projeto “Cientistas no Brasil” proposto na disciplina “Conceitos e Gêneros<br />
do Jornalismo” da Escola de Comunicações e Artes da Universidade de São Paulo aos alunos do<br />
primeiro ano (semestre 2) do curso de jornalismo no segundo semestre de 2020.</p>

Carla de Oliveira Tôzo; Luciano Victor Barros Maluly

Entrevista, Ciência, Jornalismo, Divulgação Científica

20º Encontro Nacional de Professores de Jornalismo

O 20º Encontro Nacional de Professores de Jornalismo (20º ENPJ) e o XVI Ciclo Nacional de Pesquisa em Ensino e Extensão, ocorreu entre os dias 9 a 11 de agosto de 2021, no formato remoto, devido à pandemia da covid-19. O evento contou com 6 mesas de debate e conferências, 58 apresentações de trabalhos, entre outras atividades. Foi entregue o 2º Prêmio Abej para o pesquisador Eduardo Meditsch, da Universidade Federal de Santa Catarina.

Produção Laboratorial eletrônicos e impressos
