{"id":1151,"date":"2023-10-08T12:31:46","date_gmt":"2023-10-08T15:31:46","guid":{"rendered":"https:\/\/repositorio.abejor.org.br\/?post_type=anal&#038;p=1151"},"modified":"2023-10-08T12:31:46","modified_gmt":"2023-10-08T15:31:46","slug":"redemoinhos-da-informacao-revista-ventos-pesquisa-em-jornalismo-e-disciplinas","status":"publish","type":"anal","link":"https:\/\/repositorio.abejor.org.br\/?anal=redemoinhos-da-informacao-revista-ventos-pesquisa-em-jornalismo-e-disciplinas","title":{"rendered":"REDEMOINHOS DA INFORMA\u00c7\u00c3O: REVISTA VENTOS, PESQUISA EM JORNALISMO E DISCIPLINAS"},"excerpt":{"rendered":"<p>A produ\u00e7\u00e3o laboratorial na revista digital Ventos, no Curso de Jornalismo da Universidade<br \/>\nFederal de Mato Grosso (UFMT), Campus Universit\u00e1rio do Araguaia, apresenta-se como<br \/>\nexperi\u00eancia de produ\u00e7\u00e3o de reportagem sobre a realidade local\/regional.A inten\u00e7\u00e3o pedag\u00f3gica \u00e9 proporcionar uma forma\u00e7\u00e3o acad\u00eamica<br \/>\nconsistente, na qual a produ\u00e7\u00e3o laboratorial \u00e9 protagonista, em certo sentido, e receptora de<br \/>\nsaberes e experi\u00eancias oriundos mais especificamente de outros componentes curriculares e da<br \/>\npesquisa.<\/p>\n","protected":false},"template":"","grupo_pesquisa":[12],"class_list":["post-1151","anal","type-anal","status-publish","hentry","grupo_pesquisa-producao-laboratorial-eletronicos-e-impressos"],"arquivo":{"ID":"1152","post_author":"2","post_date":"2023-10-08 12:30:26","post_date_gmt":"2023-10-08 15:30:26","post_content":"","post_title":"468-1477-1-PB","post_excerpt":"","post_status":"inherit","comment_status":"open","ping_status":"closed","post_password":"","post_name":"468-1477-1-pb","to_ping":"","pinged":"","post_modified":"2023-10-08 12:30:56","post_modified_gmt":"2023-10-08 15:30:56","post_content_filtered":"","post_parent":"1151","guid":"https:\/\/repositorio.abejor.org.br\/wp-content\/uploads\/2023\/10\/468-1477-1-PB.pdf","menu_order":"0","post_type":"attachment","post_mime_type":"application\/pdf","comment_count":"0","pod_item_id":"1152"},"autor":"Jorge Arlan de Oliveira Pereira1","palavras_chaves":"Revista, informa\u00e7\u00e3o, redemoinhos, reportagem, pesquisa","evento":[{"ID":1046,"post_title":"20\u00ba Encontro Nacional de Professores de Jornalismo","post_content":"","post_excerpt":"O 20\u00ba Encontro Nacional de Professores de Jornalismo (20\u00ba ENPJ) e o XVI Ciclo Nacional de Pesquisa em Ensino e Extens\u00e3o, ocorreu entre os dias 9 a 11 de agosto de 2021, no formato remoto, devido \u00e0 pandemia da covid-19. O evento contou com 6 mesas de debate e confer\u00eancias, 58 apresenta\u00e7\u00f5es de trabalhos, entre outras atividades. Foi entregue o 2\u00ba Pr\u00eamio Abej para o pesquisador Eduardo Meditsch, da Universidade Federal de Santa Catarina.","post_author":"2","post_date":"2021-08-09 08:02:27","post_date_gmt":"2021-08-09 11:02:27","post_status":"publish","comment_status":"closed","ping_status":"closed","post_password":"","post_name":"20o-encontro-nacional-de-professores-de-jornalismo","to_ping":"","pinged":"","post_modified":"2023-10-11 16:42:08","post_modified_gmt":"2023-10-11 19:42:08","post_content_filtered":"","post_parent":0,"guid":"https:\/\/repositorio.abejor.org.br\/?post_type=evento&#038;p=1046","menu_order":0,"post_type":"evento","post_mime_type":"","comment_count":"0","comments":false,"_thumbnail_id":["1523","2","2023-10-11 16:37:42","2023-10-11 19:37:42","","9f00c2_1da3c54958614c63af4218132ecc1a64_mv2-768x465.jpg","","inherit","open","closed","","9f00c2_1da3c54958614c63af4218132ecc1a64_mv2-768x465-jpg-2","","","2023-10-11 16:37:42","2023-10-11 19:37:42","","1046","https:\/\/repositorio.abejor.org.br\/wp-content\/uploads\/2021\/08\/9f00c2_1da3c54958614c63af4218132ecc1a64_mv2-768x465.jpg.webp","0","attachment","image\/webp","0","1523"],"id":1046}],"grupo_de_pesquisa":[{"term_id":12,"name":"Produ\u00e7\u00e3o Laboratorial eletr\u00f4nicos e impressos","slug":"producao-laboratorial-eletronicos-e-impressos","description":"","taxonomy":"grupo_pesquisa","parent":0,"term_taxonomy_id":12,"term_group":0,"count":167,"object_id":null,"term_order":null,"id":12}],"_links":{"self":[{"href":"https:\/\/repositorio.abejor.org.br\/index.php\/wp-json\/wp\/v2\/anal\/1151","targetHints":{"allow":["GET"]}}],"collection":[{"href":"https:\/\/repositorio.abejor.org.br\/index.php\/wp-json\/wp\/v2\/anal"}],"about":[{"href":"https:\/\/repositorio.abejor.org.br\/index.php\/wp-json\/wp\/v2\/types\/anal"}],"wp:attachment":[{"href":"https:\/\/repositorio.abejor.org.br\/index.php\/wp-json\/wp\/v2\/media?parent=1151"}],"wp:term":[{"taxonomy":"grupo_pesquisa","embeddable":true,"href":"https:\/\/repositorio.abejor.org.br\/index.php\/wp-json\/wp\/v2\/grupo_pesquisa?post=1151"}],"curies":[{"name":"wp","href":"https:\/\/api.w.org\/{rel}","templated":true}]}}

REDEMOINHOS DA INFORMAÇÃO: REVISTA VENTOS, PESQUISA EM JORNALISMO E DISCIPLINAS

<p>A produção laboratorial na revista digital Ventos, no Curso de Jornalismo da Universidade<br />
Federal de Mato Grosso (UFMT), Campus Universitário do Araguaia, apresenta-se como<br />
experiência de produção de reportagem sobre a realidade local/regional.A intenção pedagógica é proporcionar uma formação acadêmica<br />
consistente, na qual a produção laboratorial é protagonista, em certo sentido, e receptora de<br />
saberes e experiências oriundos mais especificamente de outros componentes curriculares e da<br />
pesquisa.</p>

Revista, informação, redemoinhos, reportagem, pesquisa

20º Encontro Nacional de Professores de Jornalismo

O 20º Encontro Nacional de Professores de Jornalismo (20º ENPJ) e o XVI Ciclo Nacional de Pesquisa em Ensino e Extensão, ocorreu entre os dias 9 a 11 de agosto de 2021, no formato remoto, devido à pandemia da covid-19. O evento contou com 6 mesas de debate e conferências, 58 apresentações de trabalhos, entre outras atividades. Foi entregue o 2º Prêmio Abej para o pesquisador Eduardo Meditsch, da Universidade Federal de Santa Catarina.

Produção Laboratorial eletrônicos e impressos
