{"id":1145,"date":"2023-10-08T12:06:26","date_gmt":"2023-10-08T15:06:26","guid":{"rendered":"https:\/\/repositorio.abejor.org.br\/?post_type=anal&#038;p=1145"},"modified":"2023-10-08T12:06:26","modified_gmt":"2023-10-08T15:06:26","slug":"as-varias-evolucoes-na-arte-de-informar-as-transformacoes-procedentes-do-digital-que-impactaram-o-radio-e-fotografia","status":"publish","type":"anal","link":"https:\/\/repositorio.abejor.org.br\/?anal=as-varias-evolucoes-na-arte-de-informar-as-transformacoes-procedentes-do-digital-que-impactaram-o-radio-e-fotografia","title":{"rendered":"AS V\u00c1RIAS EVOLU\u00c7\u00d5ES NA ARTE DE INFORMAR: AS TRANSFORMA\u00c7\u00d5ES PROCEDENTES DO DIGITAL QUE IMPACTARAM O R\u00c1DIO E FOTOGRAFIA"},"excerpt":{"rendered":"<p>: O objetivo deste artigo \u00e9 tra\u00e7ar um paralelo entre as v\u00e1rias transforma\u00e7\u00f5es da<br \/>\nfotografia e do r\u00e1dio desde suas inven\u00e7\u00f5es nos s\u00e9culos XIX e XX, respectivamente, passando por<br \/>\nlinguagens, equipamentos, materiais e processos de produ\u00e7\u00e3o e p\u00f3s-produ\u00e7\u00e3o e suas utiliza\u00e7\u00f5es<br \/>\nnos meios de comunica\u00e7\u00e3o, com a incorpora\u00e7\u00e3o de processos convergentes que unificou as<br \/>\nlinguagens e os produtos nas formas de edi\u00e7\u00e3o e a indexa\u00e7\u00e3o de arquivos digitais, a qual<br \/>\npossibilitou maneiras de produzir e de obter produtos.<\/p>\n","protected":false},"template":"","grupo_pesquisa":[12],"class_list":["post-1145","anal","type-anal","status-publish","hentry","grupo_pesquisa-producao-laboratorial-eletronicos-e-impressos"],"arquivo":{"ID":"1146","post_author":"2","post_date":"2023-10-08 12:05:23","post_date_gmt":"2023-10-08 15:05:23","post_content":"","post_title":"406-1461-1-PB","post_excerpt":"","post_status":"inherit","comment_status":"open","ping_status":"closed","post_password":"","post_name":"406-1461-1-pb","to_ping":"","pinged":"","post_modified":"2023-10-08 12:06:13","post_modified_gmt":"2023-10-08 15:06:13","post_content_filtered":"","post_parent":"1145","guid":"https:\/\/repositorio.abejor.org.br\/wp-content\/uploads\/2023\/10\/406-1461-1-PB.pdf","menu_order":"0","post_type":"attachment","post_mime_type":"application\/pdf","comment_count":"0","pod_item_id":"1146"},"autor":"Erivam Morais de Oliveira","palavras_chaves":"fotojornalismo, mem\u00f3rias, radiodifus\u00e3o, multiplataformas, transm\u00eddia","evento":[{"ID":1046,"post_title":"20\u00ba Encontro Nacional de Professores de Jornalismo","post_content":"","post_excerpt":"O 20\u00ba Encontro Nacional de Professores de Jornalismo (20\u00ba ENPJ) e o XVI Ciclo Nacional de Pesquisa em Ensino e Extens\u00e3o, ocorreu entre os dias 9 a 11 de agosto de 2021, no formato remoto, devido \u00e0 pandemia da covid-19. O evento contou com 6 mesas de debate e confer\u00eancias, 58 apresenta\u00e7\u00f5es de trabalhos, entre outras atividades. Foi entregue o 2\u00ba Pr\u00eamio Abej para o pesquisador Eduardo Meditsch, da Universidade Federal de Santa Catarina.","post_author":"2","post_date":"2021-08-09 08:02:27","post_date_gmt":"2021-08-09 11:02:27","post_status":"publish","comment_status":"closed","ping_status":"closed","post_password":"","post_name":"20o-encontro-nacional-de-professores-de-jornalismo","to_ping":"","pinged":"","post_modified":"2023-10-11 16:42:08","post_modified_gmt":"2023-10-11 19:42:08","post_content_filtered":"","post_parent":0,"guid":"https:\/\/repositorio.abejor.org.br\/?post_type=evento&#038;p=1046","menu_order":0,"post_type":"evento","post_mime_type":"","comment_count":"0","comments":false,"_thumbnail_id":["1523","2","2023-10-11 16:37:42","2023-10-11 19:37:42","","9f00c2_1da3c54958614c63af4218132ecc1a64_mv2-768x465.jpg","","inherit","open","closed","","9f00c2_1da3c54958614c63af4218132ecc1a64_mv2-768x465-jpg-2","","","2023-10-11 16:37:42","2023-10-11 19:37:42","","1046","https:\/\/repositorio.abejor.org.br\/wp-content\/uploads\/2021\/08\/9f00c2_1da3c54958614c63af4218132ecc1a64_mv2-768x465.jpg.webp","0","attachment","image\/webp","0","1523"],"id":1046}],"grupo_de_pesquisa":[{"term_id":12,"name":"Produ\u00e7\u00e3o Laboratorial eletr\u00f4nicos e impressos","slug":"producao-laboratorial-eletronicos-e-impressos","description":"","taxonomy":"grupo_pesquisa","parent":0,"term_taxonomy_id":12,"term_group":0,"count":167,"object_id":null,"term_order":null,"id":12}],"_links":{"self":[{"href":"https:\/\/repositorio.abejor.org.br\/index.php\/wp-json\/wp\/v2\/anal\/1145","targetHints":{"allow":["GET"]}}],"collection":[{"href":"https:\/\/repositorio.abejor.org.br\/index.php\/wp-json\/wp\/v2\/anal"}],"about":[{"href":"https:\/\/repositorio.abejor.org.br\/index.php\/wp-json\/wp\/v2\/types\/anal"}],"wp:attachment":[{"href":"https:\/\/repositorio.abejor.org.br\/index.php\/wp-json\/wp\/v2\/media?parent=1145"}],"wp:term":[{"taxonomy":"grupo_pesquisa","embeddable":true,"href":"https:\/\/repositorio.abejor.org.br\/index.php\/wp-json\/wp\/v2\/grupo_pesquisa?post=1145"}],"curies":[{"name":"wp","href":"https:\/\/api.w.org\/{rel}","templated":true}]}}

AS VÁRIAS EVOLUÇÕES NA ARTE DE INFORMAR: AS TRANSFORMAÇÕES PROCEDENTES DO DIGITAL QUE IMPACTARAM O RÁDIO E FOTOGRAFIA

<p>: O objetivo deste artigo é traçar um paralelo entre as várias transformações da<br />
fotografia e do rádio desde suas invenções nos séculos XIX e XX, respectivamente, passando por<br />
linguagens, equipamentos, materiais e processos de produção e pós-produção e suas utilizações<br />
nos meios de comunicação, com a incorporação de processos convergentes que unificou as<br />
linguagens e os produtos nas formas de edição e a indexação de arquivos digitais, a qual<br />
possibilitou maneiras de produzir e de obter produtos.</p>

fotojornalismo, memórias, radiodifusão, multiplataformas, transmídia

20º Encontro Nacional de Professores de Jornalismo

O 20º Encontro Nacional de Professores de Jornalismo (20º ENPJ) e o XVI Ciclo Nacional de Pesquisa em Ensino e Extensão, ocorreu entre os dias 9 a 11 de agosto de 2021, no formato remoto, devido à pandemia da covid-19. O evento contou com 6 mesas de debate e conferências, 58 apresentações de trabalhos, entre outras atividades. Foi entregue o 2º Prêmio Abej para o pesquisador Eduardo Meditsch, da Universidade Federal de Santa Catarina.

Produção Laboratorial eletrônicos e impressos
