{"id":1143,"date":"2023-10-08T12:03:58","date_gmt":"2023-10-08T15:03:58","guid":{"rendered":"https:\/\/repositorio.abejor.org.br\/?post_type=anal&#038;p=1143"},"modified":"2023-10-08T12:03:58","modified_gmt":"2023-10-08T15:03:58","slug":"agencia-pegadas-experiencias-da-pratica-e-da-inovacao-jornalistica1","status":"publish","type":"anal","link":"https:\/\/repositorio.abejor.org.br\/?anal=agencia-pegadas-experiencias-da-pratica-e-da-inovacao-jornalistica1","title":{"rendered":"AG\u00caNCIA PEGADAS: EXPERI\u00caNCIAS DA PR\u00c1TICA E DA INOVA\u00c7\u00c3O JORNAL\u00cdSTICA1"},"excerpt":{"rendered":"<p>Apresenta o relato da experi\u00eancia da Pegadas \u2013 Ag\u00eancia de comunica\u00e7\u00e3o inovadora, que tem por<br \/>\nobjetivo a produ\u00e7\u00e3o de conte\u00fado multim\u00eddia e a incuba\u00e7\u00e3o de novos modelos de<br \/>\ncomunica\u00e7\u00e3o\/jornalismo. A proposta tem revelado potencial para despertar nos<br \/>\nalunos novas possibilidades de arranjos de trabalho jornal\u00edstico, al\u00e9m de promover a circula\u00e7\u00e3o<br \/>\nde not\u00edcias de cunho social, a aproxima\u00e7\u00e3o do curso de jornalismo com a sociedade e com ve\u00edculos<br \/>\nde comunica\u00e7\u00e3o.<\/p>\n","protected":false},"template":"","grupo_pesquisa":[13],"class_list":["post-1143","anal","type-anal","status-publish","hentry","grupo_pesquisa-projetos-pedagogicos-e-metodologias-de-ensino"],"arquivo":{"ID":"1144","post_author":"2","post_date":"2023-10-08 12:02:17","post_date_gmt":"2023-10-08 15:02:17","post_content":"","post_title":"462-1510-1-PB (1)","post_excerpt":"","post_status":"inherit","comment_status":"open","ping_status":"closed","post_password":"","post_name":"462-1510-1-pb-1","to_ping":"","pinged":"","post_modified":"2023-10-08 12:03:58","post_modified_gmt":"2023-10-08 15:03:58","post_content_filtered":"","post_parent":"1143","guid":"https:\/\/repositorio.abejor.org.br\/wp-content\/uploads\/2023\/10\/462-1510-1-PB-1.pdf","menu_order":"0","post_type":"attachment","post_mime_type":"application\/pdf","comment_count":"0","pod_item_id":"1144"},"autor":"Marluce Zacariotti; Valqu\u00edria Guimar\u00e3es; Luana Nunes Souza","palavras_chaves":"Jornalismo, Ag\u00eancia de comunica\u00e7\u00e3o, Inova\u00e7\u00e3o, Produ\u00e7\u00e3o de conte\u00fado","evento":[{"ID":1046,"post_title":"20\u00ba Encontro Nacional de Professores de Jornalismo","post_content":"","post_excerpt":"O 20\u00ba Encontro Nacional de Professores de Jornalismo (20\u00ba ENPJ) e o XVI Ciclo Nacional de Pesquisa em Ensino e Extens\u00e3o, ocorreu entre os dias 9 a 11 de agosto de 2021, no formato remoto, devido \u00e0 pandemia da covid-19. O evento contou com 6 mesas de debate e confer\u00eancias, 58 apresenta\u00e7\u00f5es de trabalhos, entre outras atividades. Foi entregue o 2\u00ba Pr\u00eamio Abej para o pesquisador Eduardo Meditsch, da Universidade Federal de Santa Catarina.","post_author":"2","post_date":"2021-08-09 08:02:27","post_date_gmt":"2021-08-09 11:02:27","post_status":"publish","comment_status":"closed","ping_status":"closed","post_password":"","post_name":"20o-encontro-nacional-de-professores-de-jornalismo","to_ping":"","pinged":"","post_modified":"2023-10-11 16:42:08","post_modified_gmt":"2023-10-11 19:42:08","post_content_filtered":"","post_parent":0,"guid":"https:\/\/repositorio.abejor.org.br\/?post_type=evento&#038;p=1046","menu_order":0,"post_type":"evento","post_mime_type":"","comment_count":"0","comments":false,"_thumbnail_id":["1523","2","2023-10-11 16:37:42","2023-10-11 19:37:42","","9f00c2_1da3c54958614c63af4218132ecc1a64_mv2-768x465.jpg","","inherit","open","closed","","9f00c2_1da3c54958614c63af4218132ecc1a64_mv2-768x465-jpg-2","","","2023-10-11 16:37:42","2023-10-11 19:37:42","","1046","https:\/\/repositorio.abejor.org.br\/wp-content\/uploads\/2021\/08\/9f00c2_1da3c54958614c63af4218132ecc1a64_mv2-768x465.jpg.webp","0","attachment","image\/webp","0","1523"],"id":1046}],"grupo_de_pesquisa":[{"term_id":13,"name":"Projetos Pedag\u00f3gicos e Metodologias de Ensino","slug":"projetos-pedagogicos-e-metodologias-de-ensino","description":"","taxonomy":"grupo_pesquisa","parent":0,"term_taxonomy_id":13,"term_group":0,"count":162,"object_id":null,"term_order":null,"id":13}],"_links":{"self":[{"href":"https:\/\/repositorio.abejor.org.br\/index.php\/wp-json\/wp\/v2\/anal\/1143","targetHints":{"allow":["GET"]}}],"collection":[{"href":"https:\/\/repositorio.abejor.org.br\/index.php\/wp-json\/wp\/v2\/anal"}],"about":[{"href":"https:\/\/repositorio.abejor.org.br\/index.php\/wp-json\/wp\/v2\/types\/anal"}],"wp:attachment":[{"href":"https:\/\/repositorio.abejor.org.br\/index.php\/wp-json\/wp\/v2\/media?parent=1143"}],"wp:term":[{"taxonomy":"grupo_pesquisa","embeddable":true,"href":"https:\/\/repositorio.abejor.org.br\/index.php\/wp-json\/wp\/v2\/grupo_pesquisa?post=1143"}],"curies":[{"name":"wp","href":"https:\/\/api.w.org\/{rel}","templated":true}]}}

AGÊNCIA PEGADAS: EXPERIÊNCIAS DA PRÁTICA E DA INOVAÇÃO JORNALÍSTICA1

<p>Apresenta o relato da experiência da Pegadas – Agência de comunicação inovadora, que tem por<br />
objetivo a produção de conteúdo multimídia e a incubação de novos modelos de<br />
comunicação/jornalismo. A proposta tem revelado potencial para despertar nos<br />
alunos novas possibilidades de arranjos de trabalho jornalístico, além de promover a circulação<br />
de notícias de cunho social, a aproximação do curso de jornalismo com a sociedade e com veículos<br />
de comunicação.</p>

Marluce Zacariotti; Valquíria Guimarães; Luana Nunes Souza

Jornalismo, Agência de comunicação, Inovação, Produção de conteúdo

20º Encontro Nacional de Professores de Jornalismo

O 20º Encontro Nacional de Professores de Jornalismo (20º ENPJ) e o XVI Ciclo Nacional de Pesquisa em Ensino e Extensão, ocorreu entre os dias 9 a 11 de agosto de 2021, no formato remoto, devido à pandemia da covid-19. O evento contou com 6 mesas de debate e conferências, 58 apresentações de trabalhos, entre outras atividades. Foi entregue o 2º Prêmio Abej para o pesquisador Eduardo Meditsch, da Universidade Federal de Santa Catarina.

Projetos Pedagógicos e Metodologias de Ensino
