{"id":1135,"date":"2023-10-08T11:29:52","date_gmt":"2023-10-08T14:29:52","guid":{"rendered":"https:\/\/repositorio.abejor.org.br\/?post_type=anal&#038;p=1135"},"modified":"2023-10-08T11:29:52","modified_gmt":"2023-10-08T14:29:52","slug":"a-formacao-do-jornalista-60-anos-de-existencia-do-curso-da-pucpr-e-suas-matrizes-curriculares","status":"publish","type":"anal","link":"https:\/\/repositorio.abejor.org.br\/?anal=a-formacao-do-jornalista-60-anos-de-existencia-do-curso-da-pucpr-e-suas-matrizes-curriculares","title":{"rendered":"A FORMA\u00c7\u00c3O DO JORNALISTA \u2013 60 ANOS DE EXIST\u00caNCIA DO CURSO DA PUCPR E SUAS MATRIZES CURRICULARES"},"excerpt":{"rendered":"<p>O presente artigo discute as mudan\u00e7as nas matrizes curriculares do curso de Jornalismo da<br \/>\nPontif\u00edcia Universidade Cat\u00f3lica do Paran\u00e1 (PUCPR) ao longo de seis d\u00e9cadas. O texto mostra<br \/>\ncomo a institui\u00e7\u00e3o se adaptou aos curr\u00edculos m\u00ednimos para a forma\u00e7\u00e3o dos jornalistas, \u00e0s<br \/>\nDiretrizes Curriculares para os cursos de Comunica\u00e7\u00e3o Social e \u00e0s DCNs para a forma\u00e7\u00e3o em<br \/>\nJornalismo. <\/p>\n","protected":false},"template":"","grupo_pesquisa":[13],"class_list":["post-1135","anal","type-anal","status-publish","hentry","grupo_pesquisa-projetos-pedagogicos-e-metodologias-de-ensino"],"arquivo":{"ID":"1136","post_author":"2","post_date":"2023-10-08 11:28:43","post_date_gmt":"2023-10-08 14:28:43","post_content":"","post_title":"458-1505-1-PB","post_excerpt":"","post_status":"inherit","comment_status":"open","ping_status":"closed","post_password":"","post_name":"458-1505-1-pb","to_ping":"","pinged":"","post_modified":"2023-10-08 11:29:32","post_modified_gmt":"2023-10-08 14:29:32","post_content_filtered":"","post_parent":"1135","guid":"https:\/\/repositorio.abejor.org.br\/wp-content\/uploads\/2023\/10\/458-1505-1-PB.pdf","menu_order":"0","post_type":"attachment","post_mime_type":"application\/pdf","comment_count":"0","pod_item_id":"1136"},"autor":"Suyanne Tolentino de Souza; Rodolfo Stancki","palavras_chaves":"Jornalismo PUCPR, Matriz Curricular, Forma\u00e7\u00e3o em Jornalismo, 60 anos","evento":[{"ID":1046,"post_title":"20\u00ba Encontro Nacional de Professores de Jornalismo","post_content":"","post_excerpt":"O 20\u00ba Encontro Nacional de Professores de Jornalismo (20\u00ba ENPJ) e o XVI Ciclo Nacional de Pesquisa em Ensino e Extens\u00e3o, ocorreu entre os dias 9 a 11 de agosto de 2021, no formato remoto, devido \u00e0 pandemia da covid-19. O evento contou com 6 mesas de debate e confer\u00eancias, 58 apresenta\u00e7\u00f5es de trabalhos, entre outras atividades. Foi entregue o 2\u00ba Pr\u00eamio Abej para o pesquisador Eduardo Meditsch, da Universidade Federal de Santa Catarina.","post_author":"2","post_date":"2021-08-09 08:02:27","post_date_gmt":"2021-08-09 11:02:27","post_status":"publish","comment_status":"closed","ping_status":"closed","post_password":"","post_name":"20o-encontro-nacional-de-professores-de-jornalismo","to_ping":"","pinged":"","post_modified":"2023-10-11 16:42:08","post_modified_gmt":"2023-10-11 19:42:08","post_content_filtered":"","post_parent":0,"guid":"https:\/\/repositorio.abejor.org.br\/?post_type=evento&#038;p=1046","menu_order":0,"post_type":"evento","post_mime_type":"","comment_count":"0","comments":false,"_thumbnail_id":["1523","2","2023-10-11 16:37:42","2023-10-11 19:37:42","","9f00c2_1da3c54958614c63af4218132ecc1a64_mv2-768x465.jpg","","inherit","open","closed","","9f00c2_1da3c54958614c63af4218132ecc1a64_mv2-768x465-jpg-2","","","2023-10-11 16:37:42","2023-10-11 19:37:42","","1046","https:\/\/repositorio.abejor.org.br\/wp-content\/uploads\/2021\/08\/9f00c2_1da3c54958614c63af4218132ecc1a64_mv2-768x465.jpg.webp","0","attachment","image\/webp","0","1523"],"id":1046}],"grupo_de_pesquisa":[{"term_id":13,"name":"Projetos Pedag\u00f3gicos e Metodologias de Ensino","slug":"projetos-pedagogicos-e-metodologias-de-ensino","description":"","taxonomy":"grupo_pesquisa","parent":0,"term_taxonomy_id":13,"term_group":0,"count":162,"object_id":null,"term_order":null,"id":13}],"_links":{"self":[{"href":"https:\/\/repositorio.abejor.org.br\/index.php\/wp-json\/wp\/v2\/anal\/1135","targetHints":{"allow":["GET"]}}],"collection":[{"href":"https:\/\/repositorio.abejor.org.br\/index.php\/wp-json\/wp\/v2\/anal"}],"about":[{"href":"https:\/\/repositorio.abejor.org.br\/index.php\/wp-json\/wp\/v2\/types\/anal"}],"wp:attachment":[{"href":"https:\/\/repositorio.abejor.org.br\/index.php\/wp-json\/wp\/v2\/media?parent=1135"}],"wp:term":[{"taxonomy":"grupo_pesquisa","embeddable":true,"href":"https:\/\/repositorio.abejor.org.br\/index.php\/wp-json\/wp\/v2\/grupo_pesquisa?post=1135"}],"curies":[{"name":"wp","href":"https:\/\/api.w.org\/{rel}","templated":true}]}}

A FORMAÇÃO DO JORNALISTA – 60 ANOS DE EXISTÊNCIA DO CURSO DA PUCPR E SUAS MATRIZES CURRICULARES

<p>O presente artigo discute as mudanças nas matrizes curriculares do curso de Jornalismo da<br />
Pontifícia Universidade Católica do Paraná (PUCPR) ao longo de seis décadas. O texto mostra<br />
como a instituição se adaptou aos currículos mínimos para a formação dos jornalistas, às<br />
Diretrizes Curriculares para os cursos de Comunicação Social e às DCNs para a formação em<br />
Jornalismo. </p>

Jornalismo PUCPR, Matriz Curricular, Formação em Jornalismo, 60 anos

20º Encontro Nacional de Professores de Jornalismo

O 20º Encontro Nacional de Professores de Jornalismo (20º ENPJ) e o XVI Ciclo Nacional de Pesquisa em Ensino e Extensão, ocorreu entre os dias 9 a 11 de agosto de 2021, no formato remoto, devido à pandemia da covid-19. O evento contou com 6 mesas de debate e conferências, 58 apresentações de trabalhos, entre outras atividades. Foi entregue o 2º Prêmio Abej para o pesquisador Eduardo Meditsch, da Universidade Federal de Santa Catarina.

Projetos Pedagógicos e Metodologias de Ensino
