{"id":1130,"date":"2023-10-08T11:02:49","date_gmt":"2023-10-08T14:02:49","guid":{"rendered":"https:\/\/repositorio.abejor.org.br\/?post_type=anal&#038;p=1130"},"modified":"2023-10-08T11:02:49","modified_gmt":"2023-10-08T14:02:49","slug":"experiencia-transcultural-como-e-dar-aula-de-jornalismo-onde-ninguem-tira-a-nota-dez","status":"publish","type":"anal","link":"https:\/\/repositorio.abejor.org.br\/?anal=experiencia-transcultural-como-e-dar-aula-de-jornalismo-onde-ninguem-tira-a-nota-dez","title":{"rendered":"EXPERI\u00caNCIA TRANSCULTURAL: COMO \u00c9 DAR AULA DE JORNALISMO ONDE NINGU\u00c9M TIRA A NOTA DEZ"},"excerpt":{"rendered":"<p>Existem dois sistemas de notas funcionando simultaneamente na rede de ensino superior<br \/>\ndo Reino Unido: um \u00e9 chamado de honours-class system, ou sistema de classifica\u00e7\u00e3o de<br \/>\nhonras, e o outro, uma classifica\u00e7\u00e3o aritm\u00e9tica de 0 a 100, em que 100 equivale \u00e0 m\u00e9dia<br \/>\n10 brasileira. . Este relato usa uma abordagem de m\u00e9todos mistos com base na t\u00e9cnica de<br \/>\nincidente cr\u00edtico para discutir por que essa falha existe. Este estudo tamb\u00e9m oferece uma<br \/>\nan\u00e1lise transcultural para compreender as consequ\u00eancias do uso de uma escala de<br \/>\navalia\u00e7\u00e3o deformada.<\/p>\n","protected":false},"template":"","grupo_pesquisa":[13],"class_list":["post-1130","anal","type-anal","status-publish","hentry","grupo_pesquisa-projetos-pedagogicos-e-metodologias-de-ensino"],"arquivo":{"ID":"1131","post_author":"2","post_date":"2023-10-08 11:01:48","post_date_gmt":"2023-10-08 14:01:48","post_content":"","post_title":"437-1495-1-PB","post_excerpt":"","post_status":"inherit","comment_status":"open","ping_status":"closed","post_password":"","post_name":"437-1495-1-pb","to_ping":"","pinged":"","post_modified":"2023-10-08 11:02:41","post_modified_gmt":"2023-10-08 14:02:41","post_content_filtered":"","post_parent":"1130","guid":"https:\/\/repositorio.abejor.org.br\/wp-content\/uploads\/2023\/10\/437-1495-1-PB.pdf","menu_order":"0","post_type":"attachment","post_mime_type":"application\/pdf","comment_count":"0","pod_item_id":"1131"},"autor":"Ivana Ebel","palavras_chaves":"Avalia\u00e7\u00e3o, Notas, Reino Unido, Internacionaliza\u00e7\u00e3o, Jornalismo","evento":[{"ID":1046,"post_title":"20\u00ba Encontro Nacional de Professores de Jornalismo","post_content":"","post_excerpt":"O 20\u00ba Encontro Nacional de Professores de Jornalismo (20\u00ba ENPJ) e o XVI Ciclo Nacional de Pesquisa em Ensino e Extens\u00e3o, ocorreu entre os dias 9 a 11 de agosto de 2021, no formato remoto, devido \u00e0 pandemia da covid-19. O evento contou com 6 mesas de debate e confer\u00eancias, 58 apresenta\u00e7\u00f5es de trabalhos, entre outras atividades. Foi entregue o 2\u00ba Pr\u00eamio Abej para o pesquisador Eduardo Meditsch, da Universidade Federal de Santa Catarina.","post_author":"2","post_date":"2021-08-09 08:02:27","post_date_gmt":"2021-08-09 11:02:27","post_status":"publish","comment_status":"closed","ping_status":"closed","post_password":"","post_name":"20o-encontro-nacional-de-professores-de-jornalismo","to_ping":"","pinged":"","post_modified":"2023-10-11 16:42:08","post_modified_gmt":"2023-10-11 19:42:08","post_content_filtered":"","post_parent":0,"guid":"https:\/\/repositorio.abejor.org.br\/?post_type=evento&#038;p=1046","menu_order":0,"post_type":"evento","post_mime_type":"","comment_count":"0","comments":false,"_thumbnail_id":["1523","2","2023-10-11 16:37:42","2023-10-11 19:37:42","","9f00c2_1da3c54958614c63af4218132ecc1a64_mv2-768x465.jpg","","inherit","open","closed","","9f00c2_1da3c54958614c63af4218132ecc1a64_mv2-768x465-jpg-2","","","2023-10-11 16:37:42","2023-10-11 19:37:42","","1046","https:\/\/repositorio.abejor.org.br\/wp-content\/uploads\/2021\/08\/9f00c2_1da3c54958614c63af4218132ecc1a64_mv2-768x465.jpg.webp","0","attachment","image\/webp","0","1523"],"id":1046}],"grupo_de_pesquisa":[{"term_id":13,"name":"Projetos Pedag\u00f3gicos e Metodologias de Ensino","slug":"projetos-pedagogicos-e-metodologias-de-ensino","description":"","taxonomy":"grupo_pesquisa","parent":0,"term_taxonomy_id":13,"term_group":0,"count":162,"object_id":null,"term_order":null,"id":13}],"_links":{"self":[{"href":"https:\/\/repositorio.abejor.org.br\/index.php\/wp-json\/wp\/v2\/anal\/1130","targetHints":{"allow":["GET"]}}],"collection":[{"href":"https:\/\/repositorio.abejor.org.br\/index.php\/wp-json\/wp\/v2\/anal"}],"about":[{"href":"https:\/\/repositorio.abejor.org.br\/index.php\/wp-json\/wp\/v2\/types\/anal"}],"wp:attachment":[{"href":"https:\/\/repositorio.abejor.org.br\/index.php\/wp-json\/wp\/v2\/media?parent=1130"}],"wp:term":[{"taxonomy":"grupo_pesquisa","embeddable":true,"href":"https:\/\/repositorio.abejor.org.br\/index.php\/wp-json\/wp\/v2\/grupo_pesquisa?post=1130"}],"curies":[{"name":"wp","href":"https:\/\/api.w.org\/{rel}","templated":true}]}}

EXPERIÊNCIA TRANSCULTURAL: COMO É DAR AULA DE JORNALISMO ONDE NINGUÉM TIRA A NOTA DEZ

<p>Existem dois sistemas de notas funcionando simultaneamente na rede de ensino superior<br />
do Reino Unido: um é chamado de honours-class system, ou sistema de classificação de<br />
honras, e o outro, uma classificação aritmética de 0 a 100, em que 100 equivale à média<br />
10 brasileira. . Este relato usa uma abordagem de métodos mistos com base na técnica de<br />
incidente crítico para discutir por que essa falha existe. Este estudo também oferece uma<br />
análise transcultural para compreender as consequências do uso de uma escala de<br />
avaliação deformada.</p>

Avaliação, Notas, Reino Unido, Internacionalização, Jornalismo

20º Encontro Nacional de Professores de Jornalismo

O 20º Encontro Nacional de Professores de Jornalismo (20º ENPJ) e o XVI Ciclo Nacional de Pesquisa em Ensino e Extensão, ocorreu entre os dias 9 a 11 de agosto de 2021, no formato remoto, devido à pandemia da covid-19. O evento contou com 6 mesas de debate e conferências, 58 apresentações de trabalhos, entre outras atividades. Foi entregue o 2º Prêmio Abej para o pesquisador Eduardo Meditsch, da Universidade Federal de Santa Catarina.

Projetos Pedagógicos e Metodologias de Ensino
