{"id":1115,"date":"2023-10-08T10:19:43","date_gmt":"2023-10-08T13:19:43","guid":{"rendered":"https:\/\/repositorio.abejor.org.br\/?post_type=anal&#038;p=1115"},"modified":"2023-10-08T10:19:43","modified_gmt":"2023-10-08T13:19:43","slug":"o-discurso-sobre-o-ensino-de-fotografia-nas-primeiras-propostas-pedagogicas-para-o-jornalismo-no-brasil-de-1918-a-1950","status":"publish","type":"anal","link":"https:\/\/repositorio.abejor.org.br\/?anal=o-discurso-sobre-o-ensino-de-fotografia-nas-primeiras-propostas-pedagogicas-para-o-jornalismo-no-brasil-de-1918-a-1950","title":{"rendered":"O DISCURSO SOBRE O ENSINO DE FOTOGRAFIA NAS PRIMEIRAS PROPOSTAS PEDAG\u00d3GICAS PARA O JORNALISMO NO BRASIL: de 1918 a 1950"},"excerpt":{"rendered":"<p>O trabalho objetiva elucidar o discurso sobre o ensino de fotografia nas propostas pedag\u00f3gicas<br \/>\nbrasileiras para o ensino de jornalismo que datam da primeira metade do s\u00e9culo XX, recorrendo<br \/>\n\u00e0 metodologia da An\u00e1lise Arqueol\u00f3gica do Discurso, de Foucault (2005). S\u00e3o analisadas sete<br \/>\ninten\u00e7\u00f5es curriculares que datam de 1918 a aproximadamente 1950, per\u00edodo que antecede a<br \/>\noficializa\u00e7\u00e3o dos cursos superiores para a forma\u00e7\u00e3o em jornalismo no Brasil.<\/p>\n","protected":false},"template":"","grupo_pesquisa":[13],"class_list":["post-1115","anal","type-anal","status-publish","hentry","grupo_pesquisa-projetos-pedagogicos-e-metodologias-de-ensino"],"arquivo":{"ID":"1116","post_author":"2","post_date":"2023-10-08 10:13:21","post_date_gmt":"2023-10-08 13:13:21","post_content":"","post_title":"412-1463-1-PB","post_excerpt":"","post_status":"inherit","comment_status":"open","ping_status":"closed","post_password":"","post_name":"412-1463-1-pb","to_ping":"","pinged":"","post_modified":"2023-10-08 10:18:52","post_modified_gmt":"2023-10-08 13:18:52","post_content_filtered":"","post_parent":"1115","guid":"https:\/\/repositorio.abejor.org.br\/wp-content\/uploads\/2023\/10\/412-1463-1-PB.pdf","menu_order":"0","post_type":"attachment","post_mime_type":"application\/pdf","comment_count":"0","pod_item_id":"1116"},"autor":"Agda Aquino","palavras_chaves":"Fotografia, Ensino, Jornalismo, Cursos, Diretrizes","evento":[{"ID":1046,"post_title":"20\u00ba Encontro Nacional de Professores de Jornalismo","post_content":"","post_excerpt":"O 20\u00ba Encontro Nacional de Professores de Jornalismo (20\u00ba ENPJ) e o XVI Ciclo Nacional de Pesquisa em Ensino e Extens\u00e3o, ocorreu entre os dias 9 a 11 de agosto de 2021, no formato remoto, devido \u00e0 pandemia da covid-19. O evento contou com 6 mesas de debate e confer\u00eancias, 58 apresenta\u00e7\u00f5es de trabalhos, entre outras atividades. Foi entregue o 2\u00ba Pr\u00eamio Abej para o pesquisador Eduardo Meditsch, da Universidade Federal de Santa Catarina.","post_author":"2","post_date":"2021-08-09 08:02:27","post_date_gmt":"2021-08-09 11:02:27","post_status":"publish","comment_status":"closed","ping_status":"closed","post_password":"","post_name":"20o-encontro-nacional-de-professores-de-jornalismo","to_ping":"","pinged":"","post_modified":"2023-10-11 16:42:08","post_modified_gmt":"2023-10-11 19:42:08","post_content_filtered":"","post_parent":0,"guid":"https:\/\/repositorio.abejor.org.br\/?post_type=evento&#038;p=1046","menu_order":0,"post_type":"evento","post_mime_type":"","comment_count":"0","comments":false,"_thumbnail_id":["1523","2","2023-10-11 16:37:42","2023-10-11 19:37:42","","9f00c2_1da3c54958614c63af4218132ecc1a64_mv2-768x465.jpg","","inherit","open","closed","","9f00c2_1da3c54958614c63af4218132ecc1a64_mv2-768x465-jpg-2","","","2023-10-11 16:37:42","2023-10-11 19:37:42","","1046","https:\/\/repositorio.abejor.org.br\/wp-content\/uploads\/2021\/08\/9f00c2_1da3c54958614c63af4218132ecc1a64_mv2-768x465.jpg.webp","0","attachment","image\/webp","0","1523"],"id":1046}],"grupo_de_pesquisa":[{"term_id":13,"name":"Projetos Pedag\u00f3gicos e Metodologias de Ensino","slug":"projetos-pedagogicos-e-metodologias-de-ensino","description":"","taxonomy":"grupo_pesquisa","parent":0,"term_taxonomy_id":13,"term_group":0,"count":162,"object_id":null,"term_order":null,"id":13}],"_links":{"self":[{"href":"https:\/\/repositorio.abejor.org.br\/index.php\/wp-json\/wp\/v2\/anal\/1115","targetHints":{"allow":["GET"]}}],"collection":[{"href":"https:\/\/repositorio.abejor.org.br\/index.php\/wp-json\/wp\/v2\/anal"}],"about":[{"href":"https:\/\/repositorio.abejor.org.br\/index.php\/wp-json\/wp\/v2\/types\/anal"}],"wp:attachment":[{"href":"https:\/\/repositorio.abejor.org.br\/index.php\/wp-json\/wp\/v2\/media?parent=1115"}],"wp:term":[{"taxonomy":"grupo_pesquisa","embeddable":true,"href":"https:\/\/repositorio.abejor.org.br\/index.php\/wp-json\/wp\/v2\/grupo_pesquisa?post=1115"}],"curies":[{"name":"wp","href":"https:\/\/api.w.org\/{rel}","templated":true}]}}

O DISCURSO SOBRE O ENSINO DE FOTOGRAFIA NAS PRIMEIRAS PROPOSTAS PEDAGÓGICAS PARA O JORNALISMO NO BRASIL: de 1918 a 1950

<p>O trabalho objetiva elucidar o discurso sobre o ensino de fotografia nas propostas pedagógicas<br />
brasileiras para o ensino de jornalismo que datam da primeira metade do século XX, recorrendo<br />
à metodologia da Análise Arqueológica do Discurso, de Foucault (2005). São analisadas sete<br />
intenções curriculares que datam de 1918 a aproximadamente 1950, período que antecede a<br />
oficialização dos cursos superiores para a formação em jornalismo no Brasil.</p>

20º Encontro Nacional de Professores de Jornalismo

O 20º Encontro Nacional de Professores de Jornalismo (20º ENPJ) e o XVI Ciclo Nacional de Pesquisa em Ensino e Extensão, ocorreu entre os dias 9 a 11 de agosto de 2021, no formato remoto, devido à pandemia da covid-19. O evento contou com 6 mesas de debate e conferências, 58 apresentações de trabalhos, entre outras atividades. Foi entregue o 2º Prêmio Abej para o pesquisador Eduardo Meditsch, da Universidade Federal de Santa Catarina.

Projetos Pedagógicos e Metodologias de Ensino
