{"id":1105,"date":"2023-10-08T09:47:28","date_gmt":"2023-10-08T12:47:28","guid":{"rendered":"https:\/\/repositorio.abejor.org.br\/?post_type=anal&#038;p=1105"},"modified":"2023-10-08T09:47:28","modified_gmt":"2023-10-08T12:47:28","slug":"reflexoes-e-construcao-de-saberes-nos-estudos-sobre-desinformacao-a-pratica-da-pesquisa-por-estudantes-de-iniciacao-cientifica","status":"publish","type":"anal","link":"https:\/\/repositorio.abejor.org.br\/?anal=reflexoes-e-construcao-de-saberes-nos-estudos-sobre-desinformacao-a-pratica-da-pesquisa-por-estudantes-de-iniciacao-cientifica","title":{"rendered":"REFLEX\u00d5ES E CONSTRU\u00c7\u00c3O DE SABERES NOS ESTUDOS SOBRE DESINFORMA\u00c7\u00c3O \u2013 A PR\u00c1TICA DA PESQUISA POR ESTUDANTES DE INICIA\u00c7\u00c3O CIENT\u00cdFICA"},"excerpt":{"rendered":"<p>O trabalho apresenta os<br \/>\nnove projetos de pesquisa sobre jornalismo, forma\u00e7\u00e3o jornal\u00edstica, consumo de informa\u00e7\u00e3o e<br \/>\ncombate \u00e0 desinforma\u00e7\u00e3o, desenvolvidos por 20 estudantes de inicia\u00e7\u00e3o cient\u00edfica de diferentes<br \/>\nregi\u00f5es Brasil, nas modalidades presencial, semipresencial e EAD da Uninter.<\/p>\n","protected":false},"template":"","grupo_pesquisa":[11],"class_list":["post-1105","anal","type-anal","status-publish","hentry","grupo_pesquisa-pesquisa-na-graduacao"],"arquivo":{"ID":"1106","post_author":"2","post_date":"2023-10-08 09:45:18","post_date_gmt":"2023-10-08 12:45:18","post_content":"","post_title":"457-1480-1-PB","post_excerpt":"","post_status":"inherit","comment_status":"open","ping_status":"closed","post_password":"","post_name":"457-1480-1-pb","to_ping":"","pinged":"","post_modified":"2023-10-08 09:47:08","post_modified_gmt":"2023-10-08 12:47:08","post_content_filtered":"","post_parent":"1105","guid":"https:\/\/repositorio.abejor.org.br\/wp-content\/uploads\/2023\/10\/457-1480-1-PB.pdf","menu_order":"0","post_type":"attachment","post_mime_type":"application\/pdf","comment_count":"0","pod_item_id":"1106"},"autor":"Karine Moura Vieira; M\u00f4nica Fort; Daniela Marroni; Julia Roque; Paulo Pess\u00f4a Neto; Nicole Thessing Konieczniak","palavras_chaves":"Pesquisa; jornalismo, desinforma\u00e7\u00e3o, novas pr\u00e1ticas, forma\u00e7\u00e3o jornal\u00edstica","evento":[{"ID":1046,"post_title":"20\u00ba Encontro Nacional de Professores de Jornalismo","post_content":"","post_excerpt":"O 20\u00ba Encontro Nacional de Professores de Jornalismo (20\u00ba ENPJ) e o XVI Ciclo Nacional de Pesquisa em Ensino e Extens\u00e3o, ocorreu entre os dias 9 a 11 de agosto de 2021, no formato remoto, devido \u00e0 pandemia da covid-19. O evento contou com 6 mesas de debate e confer\u00eancias, 58 apresenta\u00e7\u00f5es de trabalhos, entre outras atividades. Foi entregue o 2\u00ba Pr\u00eamio Abej para o pesquisador Eduardo Meditsch, da Universidade Federal de Santa Catarina.","post_author":"2","post_date":"2021-08-09 08:02:27","post_date_gmt":"2021-08-09 11:02:27","post_status":"publish","comment_status":"closed","ping_status":"closed","post_password":"","post_name":"20o-encontro-nacional-de-professores-de-jornalismo","to_ping":"","pinged":"","post_modified":"2023-10-11 16:42:08","post_modified_gmt":"2023-10-11 19:42:08","post_content_filtered":"","post_parent":0,"guid":"https:\/\/repositorio.abejor.org.br\/?post_type=evento&#038;p=1046","menu_order":0,"post_type":"evento","post_mime_type":"","comment_count":"0","comments":false,"_thumbnail_id":["1523","2","2023-10-11 16:37:42","2023-10-11 19:37:42","","9f00c2_1da3c54958614c63af4218132ecc1a64_mv2-768x465.jpg","","inherit","open","closed","","9f00c2_1da3c54958614c63af4218132ecc1a64_mv2-768x465-jpg-2","","","2023-10-11 16:37:42","2023-10-11 19:37:42","","1046","https:\/\/repositorio.abejor.org.br\/wp-content\/uploads\/2021\/08\/9f00c2_1da3c54958614c63af4218132ecc1a64_mv2-768x465.jpg.webp","0","attachment","image\/webp","0","1523"],"id":1046}],"grupo_de_pesquisa":[{"term_id":11,"name":"Pesquisa na Gradua\u00e7\u00e3o","slug":"pesquisa-na-graduacao","description":"","taxonomy":"grupo_pesquisa","parent":0,"term_taxonomy_id":11,"term_group":0,"count":316,"object_id":null,"term_order":null,"id":11}],"_links":{"self":[{"href":"https:\/\/repositorio.abejor.org.br\/index.php\/wp-json\/wp\/v2\/anal\/1105","targetHints":{"allow":["GET"]}}],"collection":[{"href":"https:\/\/repositorio.abejor.org.br\/index.php\/wp-json\/wp\/v2\/anal"}],"about":[{"href":"https:\/\/repositorio.abejor.org.br\/index.php\/wp-json\/wp\/v2\/types\/anal"}],"wp:attachment":[{"href":"https:\/\/repositorio.abejor.org.br\/index.php\/wp-json\/wp\/v2\/media?parent=1105"}],"wp:term":[{"taxonomy":"grupo_pesquisa","embeddable":true,"href":"https:\/\/repositorio.abejor.org.br\/index.php\/wp-json\/wp\/v2\/grupo_pesquisa?post=1105"}],"curies":[{"name":"wp","href":"https:\/\/api.w.org\/{rel}","templated":true}]}}

REFLEXÕES E CONSTRUÇÃO DE SABERES NOS ESTUDOS SOBRE DESINFORMAÇÃO – A PRÁTICA DA PESQUISA POR ESTUDANTES DE INICIAÇÃO CIENTÍFICA

<p>O trabalho apresenta os<br />
nove projetos de pesquisa sobre jornalismo, formação jornalística, consumo de informação e<br />
combate à desinformação, desenvolvidos por 20 estudantes de iniciação científica de diferentes<br />
regiões Brasil, nas modalidades presencial, semipresencial e EAD da Uninter.</p>

Karine Moura Vieira; Mônica Fort; Daniela Marroni; Julia Roque; Paulo Pessôa Neto; Nicole Thessing Konieczniak

Pesquisa; jornalismo, desinformação, novas práticas, formação jornalística

20º Encontro Nacional de Professores de Jornalismo

O 20º Encontro Nacional de Professores de Jornalismo (20º ENPJ) e o XVI Ciclo Nacional de Pesquisa em Ensino e Extensão, ocorreu entre os dias 9 a 11 de agosto de 2021, no formato remoto, devido à pandemia da covid-19. O evento contou com 6 mesas de debate e conferências, 58 apresentações de trabalhos, entre outras atividades. Foi entregue o 2º Prêmio Abej para o pesquisador Eduardo Meditsch, da Universidade Federal de Santa Catarina.

Pesquisa na Graduação
