{"id":1103,"date":"2023-10-08T09:43:58","date_gmt":"2023-10-08T12:43:58","guid":{"rendered":"https:\/\/repositorio.abejor.org.br\/?post_type=anal&#038;p=1103"},"modified":"2023-10-08T09:43:58","modified_gmt":"2023-10-08T12:43:58","slug":"greta-thunberg-e-o-caso-pirralha-a-representacao-da-adolescencia-ativista-no-jornalismo-brasileiro","status":"publish","type":"anal","link":"https:\/\/repositorio.abejor.org.br\/?anal=greta-thunberg-e-o-caso-pirralha-a-representacao-da-adolescencia-ativista-no-jornalismo-brasileiro","title":{"rendered":"GRETA THUNBERG E O CASO \u201cPIRRALHA\u201d: A REPRESENTA\u00c7\u00c3O DA ADOLESC\u00caNCIA ATIVISTA NO JORNALISMO BRASILEIRO"},"excerpt":{"rendered":"<p>Este artigo tem o objetivo de investigar a representa\u00e7\u00e3o midi\u00e1tica da jovem Greta<br \/>\nThunberg no epis\u00f3dio em que a ativista sueca foi chamada pelo presidente da Rep\u00fablica do<br \/>\nBrasil, Jair Bolsonaro, de \u201cpirralha\u201d, em 2019, ap\u00f3s a ativista ter criticado a falta de medidas do<br \/>\ngoverno brasileiro para a prote\u00e7\u00e3o aos povos ind\u00edgenas.<\/p>\n","protected":false},"template":"","grupo_pesquisa":[11],"class_list":["post-1103","anal","type-anal","status-publish","hentry","grupo_pesquisa-pesquisa-na-graduacao"],"arquivo":{"ID":"1104","post_author":"2","post_date":"2023-10-08 09:43:22","post_date_gmt":"2023-10-08 12:43:22","post_content":"","post_title":"439-1475-1-PB","post_excerpt":"","post_status":"inherit","comment_status":"open","ping_status":"closed","post_password":"","post_name":"439-1475-1-pb","to_ping":"","pinged":"","post_modified":"2023-10-08 09:43:58","post_modified_gmt":"2023-10-08 12:43:58","post_content_filtered":"","post_parent":"1103","guid":"https:\/\/repositorio.abejor.org.br\/wp-content\/uploads\/2023\/10\/439-1475-1-PB.pdf","menu_order":"0","post_type":"attachment","post_mime_type":"application\/pdf","comment_count":"0","pod_item_id":"1104"},"autor":"Beatriz Garcia Borghini; Juliana Doretto","palavras_chaves":"Adolesc\u00eancia, Jornalismo, Representa\u00e7\u00e3o, Greta Thunberg, Pirralha","evento":[{"ID":1046,"post_title":"20\u00ba Encontro Nacional de Professores de Jornalismo","post_content":"","post_excerpt":"O 20\u00ba Encontro Nacional de Professores de Jornalismo (20\u00ba ENPJ) e o XVI Ciclo Nacional de Pesquisa em Ensino e Extens\u00e3o, ocorreu entre os dias 9 a 11 de agosto de 2021, no formato remoto, devido \u00e0 pandemia da covid-19. O evento contou com 6 mesas de debate e confer\u00eancias, 58 apresenta\u00e7\u00f5es de trabalhos, entre outras atividades. Foi entregue o 2\u00ba Pr\u00eamio Abej para o pesquisador Eduardo Meditsch, da Universidade Federal de Santa Catarina.","post_author":"2","post_date":"2021-08-09 08:02:27","post_date_gmt":"2021-08-09 11:02:27","post_status":"publish","comment_status":"closed","ping_status":"closed","post_password":"","post_name":"20o-encontro-nacional-de-professores-de-jornalismo","to_ping":"","pinged":"","post_modified":"2023-10-11 16:42:08","post_modified_gmt":"2023-10-11 19:42:08","post_content_filtered":"","post_parent":0,"guid":"https:\/\/repositorio.abejor.org.br\/?post_type=evento&#038;p=1046","menu_order":0,"post_type":"evento","post_mime_type":"","comment_count":"0","comments":false,"_thumbnail_id":["1523","2","2023-10-11 16:37:42","2023-10-11 19:37:42","","9f00c2_1da3c54958614c63af4218132ecc1a64_mv2-768x465.jpg","","inherit","open","closed","","9f00c2_1da3c54958614c63af4218132ecc1a64_mv2-768x465-jpg-2","","","2023-10-11 16:37:42","2023-10-11 19:37:42","","1046","https:\/\/repositorio.abejor.org.br\/wp-content\/uploads\/2021\/08\/9f00c2_1da3c54958614c63af4218132ecc1a64_mv2-768x465.jpg.webp","0","attachment","image\/webp","0","1523"],"id":1046}],"grupo_de_pesquisa":[{"term_id":11,"name":"Pesquisa na Gradua\u00e7\u00e3o","slug":"pesquisa-na-graduacao","description":"","taxonomy":"grupo_pesquisa","parent":0,"term_taxonomy_id":11,"term_group":0,"count":316,"object_id":null,"term_order":null,"id":11}],"_links":{"self":[{"href":"https:\/\/repositorio.abejor.org.br\/index.php\/wp-json\/wp\/v2\/anal\/1103","targetHints":{"allow":["GET"]}}],"collection":[{"href":"https:\/\/repositorio.abejor.org.br\/index.php\/wp-json\/wp\/v2\/anal"}],"about":[{"href":"https:\/\/repositorio.abejor.org.br\/index.php\/wp-json\/wp\/v2\/types\/anal"}],"wp:attachment":[{"href":"https:\/\/repositorio.abejor.org.br\/index.php\/wp-json\/wp\/v2\/media?parent=1103"}],"wp:term":[{"taxonomy":"grupo_pesquisa","embeddable":true,"href":"https:\/\/repositorio.abejor.org.br\/index.php\/wp-json\/wp\/v2\/grupo_pesquisa?post=1103"}],"curies":[{"name":"wp","href":"https:\/\/api.w.org\/{rel}","templated":true}]}}

GRETA THUNBERG E O CASO “PIRRALHA”: A REPRESENTAÇÃO DA ADOLESCÊNCIA ATIVISTA NO JORNALISMO BRASILEIRO

<p>Este artigo tem o objetivo de investigar a representação midiática da jovem Greta<br />
Thunberg no episódio em que a ativista sueca foi chamada pelo presidente da República do<br />
Brasil, Jair Bolsonaro, de “pirralha”, em 2019, após a ativista ter criticado a falta de medidas do<br />
governo brasileiro para a proteção aos povos indígenas.</p>

Adolescência, Jornalismo, Representação, Greta Thunberg, Pirralha

20º Encontro Nacional de Professores de Jornalismo

O 20º Encontro Nacional de Professores de Jornalismo (20º ENPJ) e o XVI Ciclo Nacional de Pesquisa em Ensino e Extensão, ocorreu entre os dias 9 a 11 de agosto de 2021, no formato remoto, devido à pandemia da covid-19. O evento contou com 6 mesas de debate e conferências, 58 apresentações de trabalhos, entre outras atividades. Foi entregue o 2º Prêmio Abej para o pesquisador Eduardo Meditsch, da Universidade Federal de Santa Catarina.

Pesquisa na Graduação
