{"id":1098,"date":"2023-10-08T09:39:24","date_gmt":"2023-10-08T12:39:24","guid":{"rendered":"https:\/\/repositorio.abejor.org.br\/?post_type=anal&#038;p=1098"},"modified":"2023-10-08T09:39:24","modified_gmt":"2023-10-08T12:39:24","slug":"podcast-pesquisar-e-iniciativa-pesquisanacasper-divulgacao-e-comunicacao-cientifica-em-tempos-de-vida-remota","status":"publish","type":"anal","link":"https:\/\/repositorio.abejor.org.br\/?anal=podcast-pesquisar-e-iniciativa-pesquisanacasper-divulgacao-e-comunicacao-cientifica-em-tempos-de-vida-remota","title":{"rendered":"PODCAST PESQUISAR E INICIATIVA #PESQUISANAC\u00c1SPER: DIVULGA\u00c7\u00c3O E COMUNICA\u00c7\u00c3O CIENT\u00cdFICA EM TEMPOS DE VIDA REMOTA"},"excerpt":{"rendered":"<p>Este relato registra os aprendizados e desafios do processo de constru\u00e7\u00e3o e circula\u00e7\u00e3o do Podcast<br \/>\nPesquisAR e da Iniciativa #PesquisaNaC\u00e1sper, criados pelo Centro Interdisciplinar de Pesquisa<br \/>\nda Faculdade C\u00e1sper L\u00edbero em 2020, como atividades de divulga\u00e7\u00e3o cient\u00edfica das pesquisas<br \/>\nrealizadas na institui\u00e7\u00e3o. O contexto remoto marcou a produ\u00e7\u00e3o deste ano, quando o formato<br \/>\npodcast se destacou entre os diversos g\u00eaneros midi\u00e1ticos; e os eventos acad\u00eamicos tiveram que se<br \/>\nadaptar \u00e0 realiza\u00e7\u00e3o em formato online.<\/p>\n","protected":false},"template":"","grupo_pesquisa":[11],"class_list":["post-1098","anal","type-anal","status-publish","hentry","grupo_pesquisa-pesquisa-na-graduacao"],"arquivo":{"ID":"1099","post_author":"2","post_date":"2023-10-08 09:38:44","post_date_gmt":"2023-10-08 12:38:44","post_content":"","post_title":"426-1467-1-PB","post_excerpt":"","post_status":"inherit","comment_status":"open","ping_status":"closed","post_password":"","post_name":"426-1467-1-pb","to_ping":"","pinged":"","post_modified":"2023-10-08 09:39:24","post_modified_gmt":"2023-10-08 12:39:24","post_content_filtered":"","post_parent":"1098","guid":"https:\/\/repositorio.abejor.org.br\/wp-content\/uploads\/2023\/10\/426-1467-1-PB.pdf","menu_order":"0","post_type":"attachment","post_mime_type":"application\/pdf","comment_count":"0","pod_item_id":"1099"},"autor":"Michelle Prazeres","palavras_chaves":"Jornalismo, Cibercultura, Pesquisa, Podcast, Divulga\u00e7\u00e3o cient\u00edfica","evento":[{"ID":1046,"post_title":"20\u00ba Encontro Nacional de Professores de Jornalismo","post_content":"","post_excerpt":"O 20\u00ba Encontro Nacional de Professores de Jornalismo (20\u00ba ENPJ) e o XVI Ciclo Nacional de Pesquisa em Ensino e Extens\u00e3o, ocorreu entre os dias 9 a 11 de agosto de 2021, no formato remoto, devido \u00e0 pandemia da covid-19. O evento contou com 6 mesas de debate e confer\u00eancias, 58 apresenta\u00e7\u00f5es de trabalhos, entre outras atividades. Foi entregue o 2\u00ba Pr\u00eamio Abej para o pesquisador Eduardo Meditsch, da Universidade Federal de Santa Catarina.","post_author":"2","post_date":"2021-08-09 08:02:27","post_date_gmt":"2021-08-09 11:02:27","post_status":"publish","comment_status":"closed","ping_status":"closed","post_password":"","post_name":"20o-encontro-nacional-de-professores-de-jornalismo","to_ping":"","pinged":"","post_modified":"2023-10-11 16:42:08","post_modified_gmt":"2023-10-11 19:42:08","post_content_filtered":"","post_parent":0,"guid":"https:\/\/repositorio.abejor.org.br\/?post_type=evento&#038;p=1046","menu_order":0,"post_type":"evento","post_mime_type":"","comment_count":"0","comments":false,"_thumbnail_id":["1523","2","2023-10-11 16:37:42","2023-10-11 19:37:42","","9f00c2_1da3c54958614c63af4218132ecc1a64_mv2-768x465.jpg","","inherit","open","closed","","9f00c2_1da3c54958614c63af4218132ecc1a64_mv2-768x465-jpg-2","","","2023-10-11 16:37:42","2023-10-11 19:37:42","","1046","https:\/\/repositorio.abejor.org.br\/wp-content\/uploads\/2021\/08\/9f00c2_1da3c54958614c63af4218132ecc1a64_mv2-768x465.jpg.webp","0","attachment","image\/webp","0","1523"],"id":1046}],"grupo_de_pesquisa":[{"term_id":11,"name":"Pesquisa na Gradua\u00e7\u00e3o","slug":"pesquisa-na-graduacao","description":"","taxonomy":"grupo_pesquisa","parent":0,"term_taxonomy_id":11,"term_group":0,"count":316,"object_id":null,"term_order":null,"id":11}],"_links":{"self":[{"href":"https:\/\/repositorio.abejor.org.br\/index.php\/wp-json\/wp\/v2\/anal\/1098","targetHints":{"allow":["GET"]}}],"collection":[{"href":"https:\/\/repositorio.abejor.org.br\/index.php\/wp-json\/wp\/v2\/anal"}],"about":[{"href":"https:\/\/repositorio.abejor.org.br\/index.php\/wp-json\/wp\/v2\/types\/anal"}],"wp:attachment":[{"href":"https:\/\/repositorio.abejor.org.br\/index.php\/wp-json\/wp\/v2\/media?parent=1098"}],"wp:term":[{"taxonomy":"grupo_pesquisa","embeddable":true,"href":"https:\/\/repositorio.abejor.org.br\/index.php\/wp-json\/wp\/v2\/grupo_pesquisa?post=1098"}],"curies":[{"name":"wp","href":"https:\/\/api.w.org\/{rel}","templated":true}]}}

PODCAST PESQUISAR E INICIATIVA #PESQUISANACÁSPER: DIVULGAÇÃO E COMUNICAÇÃO CIENTÍFICA EM TEMPOS DE VIDA REMOTA

<p>Este relato registra os aprendizados e desafios do processo de construção e circulação do Podcast<br />
PesquisAR e da Iniciativa #PesquisaNaCásper, criados pelo Centro Interdisciplinar de Pesquisa<br />
da Faculdade Cásper Líbero em 2020, como atividades de divulgação científica das pesquisas<br />
realizadas na instituição. O contexto remoto marcou a produção deste ano, quando o formato<br />
podcast se destacou entre os diversos gêneros midiáticos; e os eventos acadêmicos tiveram que se<br />
adaptar à realização em formato online.</p>

Jornalismo, Cibercultura, Pesquisa, Podcast, Divulgação científica

20º Encontro Nacional de Professores de Jornalismo

O 20º Encontro Nacional de Professores de Jornalismo (20º ENPJ) e o XVI Ciclo Nacional de Pesquisa em Ensino e Extensão, ocorreu entre os dias 9 a 11 de agosto de 2021, no formato remoto, devido à pandemia da covid-19. O evento contou com 6 mesas de debate e conferências, 58 apresentações de trabalhos, entre outras atividades. Foi entregue o 2º Prêmio Abej para o pesquisador Eduardo Meditsch, da Universidade Federal de Santa Catarina.

Pesquisa na Graduação
