{"id":1093,"date":"2023-10-08T09:34:28","date_gmt":"2023-10-08T12:34:28","guid":{"rendered":"https:\/\/repositorio.abejor.org.br\/?post_type=anal&#038;p=1093"},"modified":"2023-10-08T09:34:28","modified_gmt":"2023-10-08T12:34:28","slug":"ensino-remoto-e-pandemia-experiencias-com-discentes-de-teorias-e-etica-do-jornalismo-na-ufg","status":"publish","type":"anal","link":"https:\/\/repositorio.abejor.org.br\/?anal=ensino-remoto-e-pandemia-experiencias-com-discentes-de-teorias-e-etica-do-jornalismo-na-ufg","title":{"rendered":"ENSINO REMOTO E PANDEMIA &#8211; EXPERI\u00caNCIAS COM DISCENTES DE TEORIAS E \u00c9TICA DO JORNALISMO NA UFG"},"excerpt":{"rendered":"<p>Este trabalho relata as experi\u00eancias resultantes do ensino remoto das disciplinas de Teorias de<br \/>\nJornalismo e de \u00c9tica e Legisla\u00e7\u00e3o da Comunica\u00e7\u00e3o para turmas do curso de jornalismo da<br \/>\nUniversidade Federal de Goi\u00e1s (UFG) durante a pandemia de Covid-19 no Brasil. Os aspectos<br \/>\nelencados enfatizam m\u00e9todos de organiza\u00e7\u00e3o did\u00e1tico-pedag\u00f3gica efetivados e (re)pensados pela<br \/>\ndocente e tamb\u00e9m segundo um olhar do est\u00e1gio em doc\u00eancia nessas disciplinas durante 2020 e<br \/>\nprimeiro semestre de 2021.<\/p>\n","protected":false},"template":"","grupo_pesquisa":[10],"class_list":["post-1093","anal","type-anal","status-publish","hentry","grupo_pesquisa-ensino-de-etica-e-teorias-do-jornalismo"],"arquivo":{"ID":"1094","post_author":"2","post_date":"2023-10-08 09:33:53","post_date_gmt":"2023-10-08 12:33:53","post_content":"","post_title":"410-1469-1-PB","post_excerpt":"","post_status":"inherit","comment_status":"open","ping_status":"closed","post_password":"","post_name":"410-1469-1-pb","to_ping":"","pinged":"","post_modified":"2023-10-08 09:34:28","post_modified_gmt":"2023-10-08 12:34:28","post_content_filtered":"","post_parent":"1093","guid":"https:\/\/repositorio.abejor.org.br\/wp-content\/uploads\/2023\/10\/410-1469-1-PB.pdf","menu_order":"0","post_type":"attachment","post_mime_type":"application\/pdf","comment_count":"0","pod_item_id":"1094"},"autor":"Mayara Jordana Sousa Santana; \u00c2ngela Teixeira de Moraes","palavras_chaves":"Ensino de jornalismo, Ensino de \u00c9tica e Teorias do Jornalismo, Ensino remoto","evento":[{"ID":1046,"post_title":"20\u00ba Encontro Nacional de Professores de Jornalismo","post_content":"","post_excerpt":"O 20\u00ba Encontro Nacional de Professores de Jornalismo (20\u00ba ENPJ) e o XVI Ciclo Nacional de Pesquisa em Ensino e Extens\u00e3o, ocorreu entre os dias 9 a 11 de agosto de 2021, no formato remoto, devido \u00e0 pandemia da covid-19. O evento contou com 6 mesas de debate e confer\u00eancias, 58 apresenta\u00e7\u00f5es de trabalhos, entre outras atividades. Foi entregue o 2\u00ba Pr\u00eamio Abej para o pesquisador Eduardo Meditsch, da Universidade Federal de Santa Catarina.","post_author":"2","post_date":"2021-08-09 08:02:27","post_date_gmt":"2021-08-09 11:02:27","post_status":"publish","comment_status":"closed","ping_status":"closed","post_password":"","post_name":"20o-encontro-nacional-de-professores-de-jornalismo","to_ping":"","pinged":"","post_modified":"2023-10-11 16:42:08","post_modified_gmt":"2023-10-11 19:42:08","post_content_filtered":"","post_parent":0,"guid":"https:\/\/repositorio.abejor.org.br\/?post_type=evento&#038;p=1046","menu_order":0,"post_type":"evento","post_mime_type":"","comment_count":"0","comments":false,"_thumbnail_id":["1523","2","2023-10-11 16:37:42","2023-10-11 19:37:42","","9f00c2_1da3c54958614c63af4218132ecc1a64_mv2-768x465.jpg","","inherit","open","closed","","9f00c2_1da3c54958614c63af4218132ecc1a64_mv2-768x465-jpg-2","","","2023-10-11 16:37:42","2023-10-11 19:37:42","","1046","https:\/\/repositorio.abejor.org.br\/wp-content\/uploads\/2021\/08\/9f00c2_1da3c54958614c63af4218132ecc1a64_mv2-768x465.jpg.webp","0","attachment","image\/webp","0","1523"],"id":1046}],"grupo_de_pesquisa":[{"term_id":10,"name":"Ensino de \u00c9tica e Teorias do Jornalismo","slug":"ensino-de-etica-e-teorias-do-jornalismo","description":"","taxonomy":"grupo_pesquisa","parent":0,"term_taxonomy_id":10,"term_group":0,"count":84,"object_id":null,"term_order":null,"id":10}],"_links":{"self":[{"href":"https:\/\/repositorio.abejor.org.br\/index.php\/wp-json\/wp\/v2\/anal\/1093","targetHints":{"allow":["GET"]}}],"collection":[{"href":"https:\/\/repositorio.abejor.org.br\/index.php\/wp-json\/wp\/v2\/anal"}],"about":[{"href":"https:\/\/repositorio.abejor.org.br\/index.php\/wp-json\/wp\/v2\/types\/anal"}],"wp:attachment":[{"href":"https:\/\/repositorio.abejor.org.br\/index.php\/wp-json\/wp\/v2\/media?parent=1093"}],"wp:term":[{"taxonomy":"grupo_pesquisa","embeddable":true,"href":"https:\/\/repositorio.abejor.org.br\/index.php\/wp-json\/wp\/v2\/grupo_pesquisa?post=1093"}],"curies":[{"name":"wp","href":"https:\/\/api.w.org\/{rel}","templated":true}]}}

ENSINO REMOTO E PANDEMIA &#8211; EXPERIÊNCIAS COM DISCENTES DE TEORIAS E ÉTICA DO JORNALISMO NA UFG

<p>Este trabalho relata as experiências resultantes do ensino remoto das disciplinas de Teorias de<br />
Jornalismo e de Ética e Legislação da Comunicação para turmas do curso de jornalismo da<br />
Universidade Federal de Goiás (UFG) durante a pandemia de Covid-19 no Brasil. Os aspectos<br />
elencados enfatizam métodos de organização didático-pedagógica efetivados e (re)pensados pela<br />
docente e também segundo um olhar do estágio em docência nessas disciplinas durante 2020 e<br />
primeiro semestre de 2021.</p>

Mayara Jordana Sousa Santana; Ângela Teixeira de Moraes

Ensino de jornalismo, Ensino de Ética e Teorias do Jornalismo, Ensino remoto

20º Encontro Nacional de Professores de Jornalismo

O 20º Encontro Nacional de Professores de Jornalismo (20º ENPJ) e o XVI Ciclo Nacional de Pesquisa em Ensino e Extensão, ocorreu entre os dias 9 a 11 de agosto de 2021, no formato remoto, devido à pandemia da covid-19. O evento contou com 6 mesas de debate e conferências, 58 apresentações de trabalhos, entre outras atividades. Foi entregue o 2º Prêmio Abej para o pesquisador Eduardo Meditsch, da Universidade Federal de Santa Catarina.

Ensino de Ética e Teorias do Jornalismo
