{"id":1089,"date":"2023-10-08T09:28:27","date_gmt":"2023-10-08T12:28:27","guid":{"rendered":"https:\/\/repositorio.abejor.org.br\/?post_type=anal&#038;p=1089"},"modified":"2023-10-08T09:28:27","modified_gmt":"2023-10-08T12:28:27","slug":"estrategias-atuais-e-tradicao-no-controle-editorial-da-imprensa-marcas-do-governo-bolsonaro","status":"publish","type":"anal","link":"https:\/\/repositorio.abejor.org.br\/?anal=estrategias-atuais-e-tradicao-no-controle-editorial-da-imprensa-marcas-do-governo-bolsonaro","title":{"rendered":"ESTRAT\u00c9GIAS ATUAIS E TRADI\u00c7\u00c3O NO CONTROLE EDITORIAL DA IMPRENSA: MARCAS DO GOVERNO BOLSONARO"},"excerpt":{"rendered":"<p>Propomos uma leitura atual de dados de organiza\u00e7\u00f5es que indicam as estrat\u00e9gias adotadas pelo<br \/>\ngoverno de Jair Messias Bolsonaro cujas a\u00e7\u00f5es caracterizam-se pelas tentativas de estabelecer o<br \/>\ncontrole editorial sobre jornalistas e jornais. Este debate \u00e9 desenvolvido a partir de aspectos<br \/>\nhistoriogr\u00e1ficos, observando brevemente a caracteriza\u00e7\u00e3o da censura \u00e0 imprensa brasileira,<br \/>\ndesde os prim\u00f3rdios at\u00e9 os tempos atuais. Identificamos tr\u00eas estrat\u00e9gias atuais mais recorrentes<br \/>\nnos tempos atuais. <\/p>\n","protected":false},"template":"","grupo_pesquisa":[10],"class_list":["post-1089","anal","type-anal","status-publish","hentry","grupo_pesquisa-ensino-de-etica-e-teorias-do-jornalismo"],"arquivo":{"ID":"1090","post_author":"2","post_date":"2023-10-08 09:28:10","post_date_gmt":"2023-10-08 12:28:10","post_content":"","post_title":"427-1489-1-PB","post_excerpt":"","post_status":"inherit","comment_status":"open","ping_status":"closed","post_password":"","post_name":"427-1489-1-pb","to_ping":"","pinged":"","post_modified":"2023-10-08 09:28:27","post_modified_gmt":"2023-10-08 12:28:27","post_content_filtered":"","post_parent":"1089","guid":"https:\/\/repositorio.abejor.org.br\/wp-content\/uploads\/2023\/10\/427-1489-1-PB.pdf","menu_order":"0","post_type":"attachment","post_mime_type":"application\/pdf","comment_count":"0","pod_item_id":"1090"},"autor":"Guilherme Carvalho","palavras_chaves":"Controle editorial, Governo Bolsonaro, Imprensa, Censura","evento":[{"ID":1046,"post_title":"20\u00ba Encontro Nacional de Professores de Jornalismo","post_content":"","post_excerpt":"O 20\u00ba Encontro Nacional de Professores de Jornalismo (20\u00ba ENPJ) e o XVI Ciclo Nacional de Pesquisa em Ensino e Extens\u00e3o, ocorreu entre os dias 9 a 11 de agosto de 2021, no formato remoto, devido \u00e0 pandemia da covid-19. O evento contou com 6 mesas de debate e confer\u00eancias, 58 apresenta\u00e7\u00f5es de trabalhos, entre outras atividades. Foi entregue o 2\u00ba Pr\u00eamio Abej para o pesquisador Eduardo Meditsch, da Universidade Federal de Santa Catarina.","post_author":"2","post_date":"2021-08-09 08:02:27","post_date_gmt":"2021-08-09 11:02:27","post_status":"publish","comment_status":"closed","ping_status":"closed","post_password":"","post_name":"20o-encontro-nacional-de-professores-de-jornalismo","to_ping":"","pinged":"","post_modified":"2023-10-11 16:42:08","post_modified_gmt":"2023-10-11 19:42:08","post_content_filtered":"","post_parent":0,"guid":"https:\/\/repositorio.abejor.org.br\/?post_type=evento&#038;p=1046","menu_order":0,"post_type":"evento","post_mime_type":"","comment_count":"0","comments":false,"_thumbnail_id":["1523","2","2023-10-11 16:37:42","2023-10-11 19:37:42","","9f00c2_1da3c54958614c63af4218132ecc1a64_mv2-768x465.jpg","","inherit","open","closed","","9f00c2_1da3c54958614c63af4218132ecc1a64_mv2-768x465-jpg-2","","","2023-10-11 16:37:42","2023-10-11 19:37:42","","1046","https:\/\/repositorio.abejor.org.br\/wp-content\/uploads\/2021\/08\/9f00c2_1da3c54958614c63af4218132ecc1a64_mv2-768x465.jpg.webp","0","attachment","image\/webp","0","1523"],"id":1046}],"grupo_de_pesquisa":[{"term_id":10,"name":"Ensino de \u00c9tica e Teorias do Jornalismo","slug":"ensino-de-etica-e-teorias-do-jornalismo","description":"","taxonomy":"grupo_pesquisa","parent":0,"term_taxonomy_id":10,"term_group":0,"count":84,"object_id":null,"term_order":null,"id":10}],"_links":{"self":[{"href":"https:\/\/repositorio.abejor.org.br\/index.php\/wp-json\/wp\/v2\/anal\/1089","targetHints":{"allow":["GET"]}}],"collection":[{"href":"https:\/\/repositorio.abejor.org.br\/index.php\/wp-json\/wp\/v2\/anal"}],"about":[{"href":"https:\/\/repositorio.abejor.org.br\/index.php\/wp-json\/wp\/v2\/types\/anal"}],"wp:attachment":[{"href":"https:\/\/repositorio.abejor.org.br\/index.php\/wp-json\/wp\/v2\/media?parent=1089"}],"wp:term":[{"taxonomy":"grupo_pesquisa","embeddable":true,"href":"https:\/\/repositorio.abejor.org.br\/index.php\/wp-json\/wp\/v2\/grupo_pesquisa?post=1089"}],"curies":[{"name":"wp","href":"https:\/\/api.w.org\/{rel}","templated":true}]}}

ESTRATÉGIAS ATUAIS E TRADIÇÃO NO CONTROLE EDITORIAL DA IMPRENSA: MARCAS DO GOVERNO BOLSONARO

<p>Propomos uma leitura atual de dados de organizações que indicam as estratégias adotadas pelo<br />
governo de Jair Messias Bolsonaro cujas ações caracterizam-se pelas tentativas de estabelecer o<br />
controle editorial sobre jornalistas e jornais. Este debate é desenvolvido a partir de aspectos<br />
historiográficos, observando brevemente a caracterização da censura à imprensa brasileira,<br />
desde os primórdios até os tempos atuais. Identificamos três estratégias atuais mais recorrentes<br />
nos tempos atuais. </p>

20º Encontro Nacional de Professores de Jornalismo

O 20º Encontro Nacional de Professores de Jornalismo (20º ENPJ) e o XVI Ciclo Nacional de Pesquisa em Ensino e Extensão, ocorreu entre os dias 9 a 11 de agosto de 2021, no formato remoto, devido à pandemia da covid-19. O evento contou com 6 mesas de debate e conferências, 58 apresentações de trabalhos, entre outras atividades. Foi entregue o 2º Prêmio Abej para o pesquisador Eduardo Meditsch, da Universidade Federal de Santa Catarina.

Ensino de Ética e Teorias do Jornalismo
