{"id":1083,"date":"2023-10-08T09:07:52","date_gmt":"2023-10-08T12:07:52","guid":{"rendered":"https:\/\/repositorio.abejor.org.br\/?post_type=anal&#038;p=1083"},"modified":"2023-10-08T09:07:52","modified_gmt":"2023-10-08T12:07:52","slug":"a-noticia-e-a-producao-da-noticia-por-tobias-peucer-robert-park-e-adelmo-genro","status":"publish","type":"anal","link":"https:\/\/repositorio.abejor.org.br\/?anal=a-noticia-e-a-producao-da-noticia-por-tobias-peucer-robert-park-e-adelmo-genro","title":{"rendered":"A NOT\u00cdCIA E A PRODU\u00c7\u00c3O DA NOT\u00cdCIA POR TOBIAS PEUCER, ROBERT PARK E ADELMO GENRO"},"excerpt":{"rendered":"<p>O que se avan\u00e7ou da idade m\u00e9dia \u00e0 contempor\u00e2nea no que se relaciona a estudos do jornalismo?<br \/>\nTobias Peucer, Robert Park, Adelmo Genro, cada um a seu tempo, trataram sobre temas pontuais<br \/>\ncomo crit\u00e9rios de noticiabilidade, agendamento, not\u00edcia como mercadoria entre outras discuss\u00f5es<br \/>\nte\u00f3ricas. No s\u00e9culo XVII, Tobias Peucer com a tese De Relationibus Novellis (Os Relatos<br \/>\nJornal\u00edsticos), foi cognominado como progenitor das teorias do jornalismo. Esse \u00e9 o ponto de<br \/>\npartida deste artigo, que reflete sobre o que de concreto culminou no fazer jornal\u00edstico, passando<br \/>\npor Robert Park at\u00e9 o contempor\u00e2neo Adelmo Genro.<\/p>\n","protected":false},"template":"","grupo_pesquisa":[10],"class_list":["post-1083","anal","type-anal","status-publish","hentry","grupo_pesquisa-ensino-de-etica-e-teorias-do-jornalismo"],"arquivo":{"ID":"1084","post_author":"2","post_date":"2023-10-08 09:07:12","post_date_gmt":"2023-10-08 12:07:12","post_content":"","post_title":"445-1476-1-PB","post_excerpt":"","post_status":"inherit","comment_status":"open","ping_status":"closed","post_password":"","post_name":"445-1476-1-pb","to_ping":"","pinged":"","post_modified":"2023-10-08 09:07:52","post_modified_gmt":"2023-10-08 12:07:52","post_content_filtered":"","post_parent":"1083","guid":"https:\/\/repositorio.abejor.org.br\/wp-content\/uploads\/2023\/10\/445-1476-1-PB.pdf","menu_order":"0","post_type":"attachment","post_mime_type":"application\/pdf","comment_count":"0","pod_item_id":"1084"},"autor":"Maria do Socorro Monteiro Carcar\u00e1","palavras_chaves":"Teorias do jornalismo, Tobias Peucer, Robert Park, Adelmo Genro Not\u00edcia","evento":[{"ID":1046,"post_title":"20\u00ba Encontro Nacional de Professores de Jornalismo","post_content":"","post_excerpt":"O 20\u00ba Encontro Nacional de Professores de Jornalismo (20\u00ba ENPJ) e o XVI Ciclo Nacional de Pesquisa em Ensino e Extens\u00e3o, ocorreu entre os dias 9 a 11 de agosto de 2021, no formato remoto, devido \u00e0 pandemia da covid-19. O evento contou com 6 mesas de debate e confer\u00eancias, 58 apresenta\u00e7\u00f5es de trabalhos, entre outras atividades. Foi entregue o 2\u00ba Pr\u00eamio Abej para o pesquisador Eduardo Meditsch, da Universidade Federal de Santa Catarina.","post_author":"2","post_date":"2021-08-09 08:02:27","post_date_gmt":"2021-08-09 11:02:27","post_status":"publish","comment_status":"closed","ping_status":"closed","post_password":"","post_name":"20o-encontro-nacional-de-professores-de-jornalismo","to_ping":"","pinged":"","post_modified":"2023-10-11 16:42:08","post_modified_gmt":"2023-10-11 19:42:08","post_content_filtered":"","post_parent":0,"guid":"https:\/\/repositorio.abejor.org.br\/?post_type=evento&#038;p=1046","menu_order":0,"post_type":"evento","post_mime_type":"","comment_count":"0","comments":false,"_thumbnail_id":["1523","2","2023-10-11 16:37:42","2023-10-11 19:37:42","","9f00c2_1da3c54958614c63af4218132ecc1a64_mv2-768x465.jpg","","inherit","open","closed","","9f00c2_1da3c54958614c63af4218132ecc1a64_mv2-768x465-jpg-2","","","2023-10-11 16:37:42","2023-10-11 19:37:42","","1046","https:\/\/repositorio.abejor.org.br\/wp-content\/uploads\/2021\/08\/9f00c2_1da3c54958614c63af4218132ecc1a64_mv2-768x465.jpg.webp","0","attachment","image\/webp","0","1523"],"id":1046}],"grupo_de_pesquisa":[{"term_id":10,"name":"Ensino de \u00c9tica e Teorias do Jornalismo","slug":"ensino-de-etica-e-teorias-do-jornalismo","description":"","taxonomy":"grupo_pesquisa","parent":0,"term_taxonomy_id":10,"term_group":0,"count":84,"object_id":null,"term_order":null,"id":10}],"_links":{"self":[{"href":"https:\/\/repositorio.abejor.org.br\/index.php\/wp-json\/wp\/v2\/anal\/1083","targetHints":{"allow":["GET"]}}],"collection":[{"href":"https:\/\/repositorio.abejor.org.br\/index.php\/wp-json\/wp\/v2\/anal"}],"about":[{"href":"https:\/\/repositorio.abejor.org.br\/index.php\/wp-json\/wp\/v2\/types\/anal"}],"wp:attachment":[{"href":"https:\/\/repositorio.abejor.org.br\/index.php\/wp-json\/wp\/v2\/media?parent=1083"}],"wp:term":[{"taxonomy":"grupo_pesquisa","embeddable":true,"href":"https:\/\/repositorio.abejor.org.br\/index.php\/wp-json\/wp\/v2\/grupo_pesquisa?post=1083"}],"curies":[{"name":"wp","href":"https:\/\/api.w.org\/{rel}","templated":true}]}}

A NOTÍCIA E A PRODUÇÃO DA NOTÍCIA POR TOBIAS PEUCER, ROBERT PARK E ADELMO GENRO

<p>O que se avançou da idade média à contemporânea no que se relaciona a estudos do jornalismo?<br />
Tobias Peucer, Robert Park, Adelmo Genro, cada um a seu tempo, trataram sobre temas pontuais<br />
como critérios de noticiabilidade, agendamento, notícia como mercadoria entre outras discussões<br />
teóricas. No século XVII, Tobias Peucer com a tese De Relationibus Novellis (Os Relatos<br />
Jornalísticos), foi cognominado como progenitor das teorias do jornalismo. Esse é o ponto de<br />
partida deste artigo, que reflete sobre o que de concreto culminou no fazer jornalístico, passando<br />
por Robert Park até o contemporâneo Adelmo Genro.</p>

Maria do Socorro Monteiro Carcará

Teorias do jornalismo, Tobias Peucer, Robert Park, Adelmo Genro Notícia

20º Encontro Nacional de Professores de Jornalismo

O 20º Encontro Nacional de Professores de Jornalismo (20º ENPJ) e o XVI Ciclo Nacional de Pesquisa em Ensino e Extensão, ocorreu entre os dias 9 a 11 de agosto de 2021, no formato remoto, devido à pandemia da covid-19. O evento contou com 6 mesas de debate e conferências, 58 apresentações de trabalhos, entre outras atividades. Foi entregue o 2º Prêmio Abej para o pesquisador Eduardo Meditsch, da Universidade Federal de Santa Catarina.

Ensino de Ética e Teorias do Jornalismo
