{"id":1071,"date":"2023-10-08T08:53:46","date_gmt":"2023-10-08T11:53:46","guid":{"rendered":"https:\/\/repositorio.abejor.org.br\/?post_type=anal&#038;p=1071"},"modified":"2023-10-08T08:53:46","modified_gmt":"2023-10-08T11:53:46","slug":"o-protagonismo-juvenil-uma-experiencia-de-extensao-em-uma-comunidade-escolar","status":"publish","type":"anal","link":"https:\/\/repositorio.abejor.org.br\/?anal=o-protagonismo-juvenil-uma-experiencia-de-extensao-em-uma-comunidade-escolar","title":{"rendered":"O PROTAGONISMO JUVENIL: UMA EXPERI\u00caNCIA DE EXTENS\u00c3O EM UMA COMUNIDADE ESCOLAR"},"excerpt":{"rendered":"<p>O trabalho relata a experi\u00eancia do projeto de extens\u00e3o \u201cVozes juvenis: compartilhando<br \/>\nconhecimentos e viv\u00eancias por meio da comunica\u00e7\u00e3o digital\u201d, da PUC-Campinas, que usa as<br \/>\nredes sociais como meio de comunica\u00e7\u00e3o e relacionamento de um grupo de jovens do Ensino<br \/>\nM\u00e9dio, de um col\u00e9gio de Campinas (SP). Os objetivos s\u00e3o fortalecer e valorizar a participa\u00e7\u00e3o<br \/>\nsocial de jovens por meio da visibilidade de suas vozes e fomentar a reflex\u00e3o do grupo sobre suas<br \/>\nprodu\u00e7\u00f5es veiculadas nas redes sociais. <\/p>\n","protected":false},"template":"","grupo_pesquisa":[9],"class_list":["post-1071","anal","type-anal","status-publish","hentry","grupo_pesquisa-atividades-de-extensao"],"arquivo":{"ID":"1072","post_author":"2","post_date":"2023-10-08 08:53:03","post_date_gmt":"2023-10-08 11:53:03","post_content":"","post_title":"449-1504-1-PB","post_excerpt":"","post_status":"inherit","comment_status":"open","ping_status":"closed","post_password":"","post_name":"449-1504-1-pb","to_ping":"","pinged":"","post_modified":"2023-10-08 08:53:39","post_modified_gmt":"2023-10-08 11:53:39","post_content_filtered":"","post_parent":"1071","guid":"https:\/\/repositorio.abejor.org.br\/wp-content\/uploads\/2023\/10\/449-1504-1-PB.pdf","menu_order":"0","post_type":"attachment","post_mime_type":"application\/pdf","comment_count":"0","pod_item_id":"1072"},"autor":"Cec\u00edlia Helena Toledo Vieira; Danielle Marcelino Lima","palavras_chaves":"Extens\u00e3o, Comunica\u00e7\u00e3o digital, Protagonismo juvenil, Podcast, V\u00eddeos","evento":[{"ID":1046,"post_title":"20\u00ba Encontro Nacional de Professores de Jornalismo","post_content":"","post_excerpt":"O 20\u00ba Encontro Nacional de Professores de Jornalismo (20\u00ba ENPJ) e o XVI Ciclo Nacional de Pesquisa em Ensino e Extens\u00e3o, ocorreu entre os dias 9 a 11 de agosto de 2021, no formato remoto, devido \u00e0 pandemia da covid-19. O evento contou com 6 mesas de debate e confer\u00eancias, 58 apresenta\u00e7\u00f5es de trabalhos, entre outras atividades. Foi entregue o 2\u00ba Pr\u00eamio Abej para o pesquisador Eduardo Meditsch, da Universidade Federal de Santa Catarina.","post_author":"2","post_date":"2021-08-09 08:02:27","post_date_gmt":"2021-08-09 11:02:27","post_status":"publish","comment_status":"closed","ping_status":"closed","post_password":"","post_name":"20o-encontro-nacional-de-professores-de-jornalismo","to_ping":"","pinged":"","post_modified":"2023-10-11 16:42:08","post_modified_gmt":"2023-10-11 19:42:08","post_content_filtered":"","post_parent":0,"guid":"https:\/\/repositorio.abejor.org.br\/?post_type=evento&#038;p=1046","menu_order":0,"post_type":"evento","post_mime_type":"","comment_count":"0","comments":false,"_thumbnail_id":["1523","2","2023-10-11 16:37:42","2023-10-11 19:37:42","","9f00c2_1da3c54958614c63af4218132ecc1a64_mv2-768x465.jpg","","inherit","open","closed","","9f00c2_1da3c54958614c63af4218132ecc1a64_mv2-768x465-jpg-2","","","2023-10-11 16:37:42","2023-10-11 19:37:42","","1046","https:\/\/repositorio.abejor.org.br\/wp-content\/uploads\/2021\/08\/9f00c2_1da3c54958614c63af4218132ecc1a64_mv2-768x465.jpg.webp","0","attachment","image\/webp","0","1523"],"id":1046}],"grupo_de_pesquisa":[{"term_id":9,"name":"Atividades de Extens\u00e3o","slug":"atividades-de-extensao","description":"","taxonomy":"grupo_pesquisa","parent":0,"term_taxonomy_id":9,"term_group":0,"count":151,"object_id":null,"term_order":null,"id":9}],"_links":{"self":[{"href":"https:\/\/repositorio.abejor.org.br\/index.php\/wp-json\/wp\/v2\/anal\/1071","targetHints":{"allow":["GET"]}}],"collection":[{"href":"https:\/\/repositorio.abejor.org.br\/index.php\/wp-json\/wp\/v2\/anal"}],"about":[{"href":"https:\/\/repositorio.abejor.org.br\/index.php\/wp-json\/wp\/v2\/types\/anal"}],"wp:attachment":[{"href":"https:\/\/repositorio.abejor.org.br\/index.php\/wp-json\/wp\/v2\/media?parent=1071"}],"wp:term":[{"taxonomy":"grupo_pesquisa","embeddable":true,"href":"https:\/\/repositorio.abejor.org.br\/index.php\/wp-json\/wp\/v2\/grupo_pesquisa?post=1071"}],"curies":[{"name":"wp","href":"https:\/\/api.w.org\/{rel}","templated":true}]}}

O PROTAGONISMO JUVENIL: UMA EXPERIÊNCIA DE EXTENSÃO EM UMA COMUNIDADE ESCOLAR

<p>O trabalho relata a experiência do projeto de extensão “Vozes juvenis: compartilhando<br />
conhecimentos e vivências por meio da comunicação digital”, da PUC-Campinas, que usa as<br />
redes sociais como meio de comunicação e relacionamento de um grupo de jovens do Ensino<br />
Médio, de um colégio de Campinas (SP). Os objetivos são fortalecer e valorizar a participação<br />
social de jovens por meio da visibilidade de suas vozes e fomentar a reflexão do grupo sobre suas<br />
produções veiculadas nas redes sociais. </p>

Cecília Helena Toledo Vieira; Danielle Marcelino Lima

Extensão, Comunicação digital, Protagonismo juvenil, Podcast, Vídeos

20º Encontro Nacional de Professores de Jornalismo

O 20º Encontro Nacional de Professores de Jornalismo (20º ENPJ) e o XVI Ciclo Nacional de Pesquisa em Ensino e Extensão, ocorreu entre os dias 9 a 11 de agosto de 2021, no formato remoto, devido à pandemia da covid-19. O evento contou com 6 mesas de debate e conferências, 58 apresentações de trabalhos, entre outras atividades. Foi entregue o 2º Prêmio Abej para o pesquisador Eduardo Meditsch, da Universidade Federal de Santa Catarina.

Atividades de Extensão
