{"id":1067,"date":"2023-10-08T08:38:41","date_gmt":"2023-10-08T11:38:41","guid":{"rendered":"https:\/\/repositorio.abejor.org.br\/?post_type=anal&#038;p=1067"},"modified":"2023-10-08T08:38:41","modified_gmt":"2023-10-08T11:38:41","slug":"as-vozes-que-nao-ouvimos-por-uma-pratica-jornalistica-antirracista-e-pro-igualdade-de-genero","status":"publish","type":"anal","link":"https:\/\/repositorio.abejor.org.br\/?anal=as-vozes-que-nao-ouvimos-por-uma-pratica-jornalistica-antirracista-e-pro-igualdade-de-genero","title":{"rendered":"\u201cAS VOZES QUE N\u00c3O OUVIMOS\u201d: POR UMA PR\u00c1TICA JORNAL\u00cdSTICA ANTIRRACISTA E PR\u00d3-IGUALDADE DE G\u00caNERO"},"excerpt":{"rendered":"<p>Este artigo apresenta o projeto de car\u00e1ter extensionista As Vozes que n\u00e3o ouvimos:<br \/>\ncompromisso editorial com o antirracismo e a igualdade de g\u00eanero, desenvolvido na<br \/>\nAg\u00eancia Experimental de Comunica\u00e7\u00e3o (Agexcom) da Universidade do Vale do Rio dos<br \/>\nSinos (UNISINOS).<\/p>\n","protected":false},"template":"","grupo_pesquisa":[9],"class_list":["post-1067","anal","type-anal","status-publish","hentry","grupo_pesquisa-atividades-de-extensao"],"arquivo":{"ID":"1068","post_author":"2","post_date":"2023-10-08 08:37:36","post_date_gmt":"2023-10-08 11:37:36","post_content":"","post_title":"443-1496-1-PB","post_excerpt":"","post_status":"inherit","comment_status":"open","ping_status":"closed","post_password":"","post_name":"443-1496-1-pb","to_ping":"","pinged":"","post_modified":"2023-10-08 08:37:52","post_modified_gmt":"2023-10-08 11:37:52","post_content_filtered":"","post_parent":"1067","guid":"https:\/\/repositorio.abejor.org.br\/wp-content\/uploads\/2023\/10\/443-1496-1-PB.pdf","menu_order":"0","post_type":"attachment","post_mime_type":"application\/pdf","comment_count":"0","pod_item_id":"1068"},"autor":"D\u00e9bora Lapa Gadret; Luciana Kraemer; Cybeli Almeida Moraes; Marcelo Garcia; Bruna Lago; Lisandra Steffen","palavras_chaves":"Jornalismo, Racismo, G\u00eanero, Extens\u00e3o, Portal de not\u00edcias","evento":[{"ID":1046,"post_title":"20\u00ba Encontro Nacional de Professores de Jornalismo","post_content":"","post_excerpt":"O 20\u00ba Encontro Nacional de Professores de Jornalismo (20\u00ba ENPJ) e o XVI Ciclo Nacional de Pesquisa em Ensino e Extens\u00e3o, ocorreu entre os dias 9 a 11 de agosto de 2021, no formato remoto, devido \u00e0 pandemia da covid-19. O evento contou com 6 mesas de debate e confer\u00eancias, 58 apresenta\u00e7\u00f5es de trabalhos, entre outras atividades. Foi entregue o 2\u00ba Pr\u00eamio Abej para o pesquisador Eduardo Meditsch, da Universidade Federal de Santa Catarina.","post_author":"2","post_date":"2021-08-09 08:02:27","post_date_gmt":"2021-08-09 11:02:27","post_status":"publish","comment_status":"closed","ping_status":"closed","post_password":"","post_name":"20o-encontro-nacional-de-professores-de-jornalismo","to_ping":"","pinged":"","post_modified":"2023-10-11 16:42:08","post_modified_gmt":"2023-10-11 19:42:08","post_content_filtered":"","post_parent":0,"guid":"https:\/\/repositorio.abejor.org.br\/?post_type=evento&#038;p=1046","menu_order":0,"post_type":"evento","post_mime_type":"","comment_count":"0","comments":false,"_thumbnail_id":["1523","2","2023-10-11 16:37:42","2023-10-11 19:37:42","","9f00c2_1da3c54958614c63af4218132ecc1a64_mv2-768x465.jpg","","inherit","open","closed","","9f00c2_1da3c54958614c63af4218132ecc1a64_mv2-768x465-jpg-2","","","2023-10-11 16:37:42","2023-10-11 19:37:42","","1046","https:\/\/repositorio.abejor.org.br\/wp-content\/uploads\/2021\/08\/9f00c2_1da3c54958614c63af4218132ecc1a64_mv2-768x465.jpg.webp","0","attachment","image\/webp","0","1523"],"id":1046}],"grupo_de_pesquisa":[{"term_id":9,"name":"Atividades de Extens\u00e3o","slug":"atividades-de-extensao","description":"","taxonomy":"grupo_pesquisa","parent":0,"term_taxonomy_id":9,"term_group":0,"count":151,"object_id":null,"term_order":null,"id":9}],"_links":{"self":[{"href":"https:\/\/repositorio.abejor.org.br\/index.php\/wp-json\/wp\/v2\/anal\/1067","targetHints":{"allow":["GET"]}}],"collection":[{"href":"https:\/\/repositorio.abejor.org.br\/index.php\/wp-json\/wp\/v2\/anal"}],"about":[{"href":"https:\/\/repositorio.abejor.org.br\/index.php\/wp-json\/wp\/v2\/types\/anal"}],"wp:attachment":[{"href":"https:\/\/repositorio.abejor.org.br\/index.php\/wp-json\/wp\/v2\/media?parent=1067"}],"wp:term":[{"taxonomy":"grupo_pesquisa","embeddable":true,"href":"https:\/\/repositorio.abejor.org.br\/index.php\/wp-json\/wp\/v2\/grupo_pesquisa?post=1067"}],"curies":[{"name":"wp","href":"https:\/\/api.w.org\/{rel}","templated":true}]}}

“AS VOZES QUE NÃO OUVIMOS”: POR UMA PRÁTICA JORNALÍSTICA ANTIRRACISTA E PRÓ-IGUALDADE DE GÊNERO

<p>Este artigo apresenta o projeto de caráter extensionista As Vozes que não ouvimos:<br />
compromisso editorial com o antirracismo e a igualdade de gênero, desenvolvido na<br />
Agência Experimental de Comunicação (Agexcom) da Universidade do Vale do Rio dos<br />
Sinos (UNISINOS).</p>

Débora Lapa Gadret; Luciana Kraemer; Cybeli Almeida Moraes; Marcelo Garcia; Bruna Lago; Lisandra Steffen

Jornalismo, Racismo, Gênero, Extensão, Portal de notícias

20º Encontro Nacional de Professores de Jornalismo

O 20º Encontro Nacional de Professores de Jornalismo (20º ENPJ) e o XVI Ciclo Nacional de Pesquisa em Ensino e Extensão, ocorreu entre os dias 9 a 11 de agosto de 2021, no formato remoto, devido à pandemia da covid-19. O evento contou com 6 mesas de debate e conferências, 58 apresentações de trabalhos, entre outras atividades. Foi entregue o 2º Prêmio Abej para o pesquisador Eduardo Meditsch, da Universidade Federal de Santa Catarina.

Atividades de Extensão
