{"id":1063,"date":"2023-10-08T08:26:16","date_gmt":"2023-10-08T11:26:16","guid":{"rendered":"https:\/\/repositorio.abejor.org.br\/?post_type=anal&#038;p=1063"},"modified":"2023-10-08T08:26:16","modified_gmt":"2023-10-08T11:26:16","slug":"o-exercicio-da-critica-de-midia-como-estrategia-de-formacao-conhecimento-e-acesso-ao-campo-cultural-em-ponta-grossa-pr","status":"publish","type":"anal","link":"https:\/\/repositorio.abejor.org.br\/?anal=o-exercicio-da-critica-de-midia-como-estrategia-de-formacao-conhecimento-e-acesso-ao-campo-cultural-em-ponta-grossa-pr","title":{"rendered":"O EXERC\u00cdCIO DA CR\u00cdTICA DE M\u00cdDIA COMO ESTRAT\u00c9GIA DE FORMA\u00c7\u00c3O, CONHECIMENTO E ACESSO AO CAMPO CULTURAL EM PONTA GROSSA (PR)"},"excerpt":{"rendered":"<p>Qual a rela\u00e7\u00e3o entre o ensino disciplinar e as pr\u00e1ticas extensionistas na forma\u00e7\u00e3o profissional<br \/>\nem Jornalismo? Como tais atividades se relacionam no cotidiano do ensino da \u00e1rea? O presente<br \/>\ntexto avalia tais rela\u00e7\u00f5es, a partir de uma atividade regular de produ\u00e7\u00e3o laboratorial voltada ao<br \/>\ncampo cultural, junto ao curso de gradua\u00e7\u00e3o em Jornalismo da UEPG, dialogando com a\u00e7\u00f5es<br \/>\nque envolvem pr\u00e1ticas de aproxima\u00e7\u00e3o, di\u00e1logo e acesso \u00e0s atividades culturais (lazer, artes,<br \/>\nm\u00eddia e cidadania) desenvolvidas na regi\u00e3o dos Campos Gerais do Paran\u00e1, atrav\u00e9s da cobertura<br \/>\njornal\u00edstica ao Cr\u00edtica de Ponta, um projeto de ensino com produ\u00e7\u00e3o laboratorial toda semana. Trata-se de uma experi\u00eancia que envolve o desafio de integrar pr\u00e1ticas extensionistas (a partir<br \/>\ndos projetos Ag\u00eancia de Jornalismo e Cultura Plural) com produ\u00e7\u00e3o laboratorial em atividades<br \/>\nde forma\u00e7\u00e3o profissional.<\/p>\n","protected":false},"template":"","grupo_pesquisa":[9],"class_list":["post-1063","anal","type-anal","status-publish","hentry","grupo_pesquisa-atividades-de-extensao"],"arquivo":{"ID":"1064","post_author":"2","post_date":"2023-10-08 08:25:53","post_date_gmt":"2023-10-08 11:25:53","post_content":"","post_title":"433-1490-1-PB","post_excerpt":"","post_status":"inherit","comment_status":"open","ping_status":"closed","post_password":"","post_name":"433-1490-1-pb","to_ping":"","pinged":"","post_modified":"2023-10-08 08:26:06","post_modified_gmt":"2023-10-08 11:26:06","post_content_filtered":"","post_parent":"1063","guid":"https:\/\/repositorio.abejor.org.br\/wp-content\/uploads\/2023\/10\/433-1490-1-PB.pdf","menu_order":"0","post_type":"attachment","post_mime_type":"application\/pdf","comment_count":"0","pod_item_id":"1064"},"autor":"S\u00e9rgio Luiz Gadini","palavras_chaves":"Cr\u00edtica de m\u00eddia, Rela\u00e7\u00f5es no ensino e extens\u00e3o em Jornalismo, Campo cultural","evento":[{"ID":1046,"post_title":"20\u00ba Encontro Nacional de Professores de Jornalismo","post_content":"","post_excerpt":"O 20\u00ba Encontro Nacional de Professores de Jornalismo (20\u00ba ENPJ) e o XVI Ciclo Nacional de Pesquisa em Ensino e Extens\u00e3o, ocorreu entre os dias 9 a 11 de agosto de 2021, no formato remoto, devido \u00e0 pandemia da covid-19. O evento contou com 6 mesas de debate e confer\u00eancias, 58 apresenta\u00e7\u00f5es de trabalhos, entre outras atividades. Foi entregue o 2\u00ba Pr\u00eamio Abej para o pesquisador Eduardo Meditsch, da Universidade Federal de Santa Catarina.","post_author":"2","post_date":"2021-08-09 08:02:27","post_date_gmt":"2021-08-09 11:02:27","post_status":"publish","comment_status":"closed","ping_status":"closed","post_password":"","post_name":"20o-encontro-nacional-de-professores-de-jornalismo","to_ping":"","pinged":"","post_modified":"2023-10-11 16:42:08","post_modified_gmt":"2023-10-11 19:42:08","post_content_filtered":"","post_parent":0,"guid":"https:\/\/repositorio.abejor.org.br\/?post_type=evento&#038;p=1046","menu_order":0,"post_type":"evento","post_mime_type":"","comment_count":"0","comments":false,"_thumbnail_id":["1523","2","2023-10-11 16:37:42","2023-10-11 19:37:42","","9f00c2_1da3c54958614c63af4218132ecc1a64_mv2-768x465.jpg","","inherit","open","closed","","9f00c2_1da3c54958614c63af4218132ecc1a64_mv2-768x465-jpg-2","","","2023-10-11 16:37:42","2023-10-11 19:37:42","","1046","https:\/\/repositorio.abejor.org.br\/wp-content\/uploads\/2021\/08\/9f00c2_1da3c54958614c63af4218132ecc1a64_mv2-768x465.jpg.webp","0","attachment","image\/webp","0","1523"],"id":1046}],"grupo_de_pesquisa":[{"term_id":9,"name":"Atividades de Extens\u00e3o","slug":"atividades-de-extensao","description":"","taxonomy":"grupo_pesquisa","parent":0,"term_taxonomy_id":9,"term_group":0,"count":151,"object_id":null,"term_order":null,"id":9}],"_links":{"self":[{"href":"https:\/\/repositorio.abejor.org.br\/index.php\/wp-json\/wp\/v2\/anal\/1063","targetHints":{"allow":["GET"]}}],"collection":[{"href":"https:\/\/repositorio.abejor.org.br\/index.php\/wp-json\/wp\/v2\/anal"}],"about":[{"href":"https:\/\/repositorio.abejor.org.br\/index.php\/wp-json\/wp\/v2\/types\/anal"}],"wp:attachment":[{"href":"https:\/\/repositorio.abejor.org.br\/index.php\/wp-json\/wp\/v2\/media?parent=1063"}],"wp:term":[{"taxonomy":"grupo_pesquisa","embeddable":true,"href":"https:\/\/repositorio.abejor.org.br\/index.php\/wp-json\/wp\/v2\/grupo_pesquisa?post=1063"}],"curies":[{"name":"wp","href":"https:\/\/api.w.org\/{rel}","templated":true}]}}

O EXERCÍCIO DA CRÍTICA DE MÍDIA COMO ESTRATÉGIA DE FORMAÇÃO, CONHECIMENTO E ACESSO AO CAMPO CULTURAL EM PONTA GROSSA (PR)

<p>Qual a relação entre o ensino disciplinar e as práticas extensionistas na formação profissional<br />
em Jornalismo? Como tais atividades se relacionam no cotidiano do ensino da área? O presente<br />
texto avalia tais relações, a partir de uma atividade regular de produção laboratorial voltada ao<br />
campo cultural, junto ao curso de graduação em Jornalismo da UEPG, dialogando com ações<br />
que envolvem práticas de aproximação, diálogo e acesso às atividades culturais (lazer, artes,<br />
mídia e cidadania) desenvolvidas na região dos Campos Gerais do Paraná, através da cobertura<br />
jornalística ao Crítica de Ponta, um projeto de ensino com produção laboratorial toda semana. Trata-se de uma experiência que envolve o desafio de integrar práticas extensionistas (a partir<br />
dos projetos Agência de Jornalismo e Cultura Plural) com produção laboratorial em atividades<br />
de formação profissional.</p>

Sérgio Luiz Gadini

Crítica de mídia, Relações no ensino e extensão em Jornalismo, Campo cultural

20º Encontro Nacional de Professores de Jornalismo

O 20º Encontro Nacional de Professores de Jornalismo (20º ENPJ) e o XVI Ciclo Nacional de Pesquisa em Ensino e Extensão, ocorreu entre os dias 9 a 11 de agosto de 2021, no formato remoto, devido à pandemia da covid-19. O evento contou com 6 mesas de debate e conferências, 58 apresentações de trabalhos, entre outras atividades. Foi entregue o 2º Prêmio Abej para o pesquisador Eduardo Meditsch, da Universidade Federal de Santa Catarina.

Atividades de Extensão
