{"id":1044,"date":"2023-10-07T10:30:59","date_gmt":"2023-10-07T13:30:59","guid":{"rendered":"https:\/\/repositorio.abejor.org.br\/?post_type=anal&#038;p=1044"},"modified":"2023-10-07T10:30:59","modified_gmt":"2023-10-07T13:30:59","slug":"etica-no-jornalismo-ensinando-a-partir-de-praticas-positivas","status":"publish","type":"anal","link":"https:\/\/repositorio.abejor.org.br\/?anal=etica-no-jornalismo-ensinando-a-partir-de-praticas-positivas","title":{"rendered":"\u00c9TICA NO JORNALISMO: Ensinando a partir de pr\u00e1ticas positivas"},"excerpt":{"rendered":"<p>O presente relato apresenta os objetivos e aspectos gerais da produ\u00e7\u00e3o do site<br \/>\n\u00c9tica no Jornalismo, realizado pelas turmas da disciplina \u00c9tica e Jornalismo,<br \/>\ndo curso de Jornalismo da Universidade de Bras\u00edlia (UnB), durante o primeiro e<br \/>\nsegundo semestre de 2017.<\/p>\n","protected":false},"template":"","grupo_pesquisa":[10],"class_list":["post-1044","anal","type-anal","status-publish","hentry","grupo_pesquisa-ensino-de-etica-e-teorias-do-jornalismo"],"arquivo":{"ID":"1045","post_author":"2","post_date":"2023-10-07 10:30:23","post_date_gmt":"2023-10-07 13:30:23","post_content":"","post_title":"RIBEIRO CARVALHO","post_excerpt":"","post_status":"inherit","comment_status":"open","ping_status":"closed","post_password":"","post_name":"ribeiro-carvalho","to_ping":"","pinged":"","post_modified":"2023-10-07 10:30:52","post_modified_gmt":"2023-10-07 13:30:52","post_content_filtered":"","post_parent":"1044","guid":"https:\/\/repositorio.abejor.org.br\/wp-content\/uploads\/2023\/10\/RIBEIRO-CARVALHO.pdf","menu_order":"0","post_type":"attachment","post_mime_type":"application\/pdf","comment_count":"0","pod_item_id":"1045"},"autor":"Rafiza Var\u00e3o","palavras_chaves":"\u00c9tica, Jornalismo, Estudo de caso","evento":[{"ID":932,"post_title":"17\u00ba Encontro Nacional de Professores de Jornalismo","post_content":"","post_excerpt":"O 17\u00ba Encontro Nacional de Professores de Jornalismo (17\u00ba ENPJ), que ocorreu entre os dias 18 a 20 de abril de 2018, em Palmas (TO). A organiza\u00e7\u00e3o local do 17\u00ba ENPJ esteve sob a responsabilidade do Curso de Jornalismo da Universidade Federal do Tocantins (UFT).","post_author":"2","post_date":"2018-04-18 07:55:44","post_date_gmt":"2018-04-18 10:55:44","post_status":"publish","comment_status":"closed","ping_status":"closed","post_password":"","post_name":"o-17o-encontro-nacional-de-professores-de-jornalismo-17o-enpj","to_ping":"","pinged":"","post_modified":"2026-04-06 20:00:11","post_modified_gmt":"2026-04-06 23:00:11","post_content_filtered":"","post_parent":0,"guid":"https:\/\/repositorio.abejor.org.br\/?post_type=evento&#038;p=932","menu_order":0,"post_type":"evento","post_mime_type":"","comment_count":"0","comments":false,"_thumbnail_id":["933","2","2023-10-07 07:51:17","2023-10-07 10:51:17","","17","","inherit","open","closed","","17","","","2023-10-07 07:51:17","2023-10-07 10:51:17","","932","https:\/\/repositorio.abejor.org.br\/wp-content\/uploads\/2023\/10\/17.jpg","0","attachment","image\/jpeg","0","933"],"id":932}],"grupo_de_pesquisa":[{"term_id":10,"name":"Ensino de \u00c9tica e Teorias do Jornalismo","slug":"ensino-de-etica-e-teorias-do-jornalismo","description":"","taxonomy":"grupo_pesquisa","parent":0,"term_taxonomy_id":10,"term_group":0,"count":84,"object_id":null,"term_order":null,"id":10}],"_links":{"self":[{"href":"https:\/\/repositorio.abejor.org.br\/index.php\/wp-json\/wp\/v2\/anal\/1044","targetHints":{"allow":["GET"]}}],"collection":[{"href":"https:\/\/repositorio.abejor.org.br\/index.php\/wp-json\/wp\/v2\/anal"}],"about":[{"href":"https:\/\/repositorio.abejor.org.br\/index.php\/wp-json\/wp\/v2\/types\/anal"}],"wp:attachment":[{"href":"https:\/\/repositorio.abejor.org.br\/index.php\/wp-json\/wp\/v2\/media?parent=1044"}],"wp:term":[{"taxonomy":"grupo_pesquisa","embeddable":true,"href":"https:\/\/repositorio.abejor.org.br\/index.php\/wp-json\/wp\/v2\/grupo_pesquisa?post=1044"}],"curies":[{"name":"wp","href":"https:\/\/api.w.org\/{rel}","templated":true}]}}

ÉTICA NO JORNALISMO: Ensinando a partir de práticas positivas

<p>O presente relato apresenta os objetivos e aspectos gerais da produção do site<br />
Ética no Jornalismo, realizado pelas turmas da disciplina Ética e Jornalismo,<br />
do curso de Jornalismo da Universidade de Brasília (UnB), durante o primeiro e<br />
segundo semestre de 2017.</p>

Rafiza Varão

Ética, Jornalismo, Estudo de caso

17º Encontro Nacional de Professores de Jornalismo

O 17º Encontro Nacional de Professores de Jornalismo (17º ENPJ), que ocorreu entre os dias 18 a 20 de abril de 2018, em Palmas (TO). A organização local do 17º ENPJ esteve sob a responsabilidade do Curso de Jornalismo da Universidade Federal do Tocantins (UFT).

Ensino de Ética e Teorias do Jornalismo
