{"id":1038,"date":"2023-10-07T10:23:52","date_gmt":"2023-10-07T13:23:52","guid":{"rendered":"https:\/\/repositorio.abejor.org.br\/?post_type=anal&#038;p=1038"},"modified":"2023-10-07T10:23:52","modified_gmt":"2023-10-07T13:23:52","slug":"o-que-e-jornalismo-quem-e-jornalista-e-a-quem-cabe-o-sigilo-de-fonte","status":"publish","type":"anal","link":"https:\/\/repositorio.abejor.org.br\/?anal=o-que-e-jornalismo-quem-e-jornalista-e-a-quem-cabe-o-sigilo-de-fonte","title":{"rendered":"O QUE \u00c9 JORNALISMO, QUEM \u00c9 JORNALISTA E A QUEM CABE O SIGILO DE FONTE?"},"excerpt":{"rendered":"<p>O establishment jornal\u00edstico enfrenta uma crise de identidade. O ingresso de novos atores<br \/>\nsociais na Web est\u00e1 minando o protagonismo dos jornalistas na produ\u00e7\u00e3o e difus\u00e3o de<br \/>\ninforma\u00e7\u00f5es. Borraram-se as fronteiras entre quem \u00e9 e quem n\u00e3o \u00e9 jornalista Este artigo<br \/>\nalimenta o debate a partir de dois epis\u00f3dios. O primeiro ocorrido nos Estados Unidos, quando o<br \/>\nThe New York Times corrigiu uma mat\u00e9ria para atender ao pedido de uma ativista que queria<br \/>\nser citada como jornalista. O outro caso se deu no Brasil, quando o juiz Sergio Moro,<br \/>\nrespons\u00e1vel pela Opera\u00e7\u00e3o Lava Jato, negou o direito ao sigilo de fonte ao blogueiro Eduardo<br \/>\nGuimar\u00e3es, mas retrocedeu ap\u00f3s queixas de entidades de jornalismo. Afinal, o que \u00e9 jornalismo<br \/>\ne quem est\u00e1 autorizado a exerc\u00ea-lo?<\/p>\n","protected":false},"template":"","grupo_pesquisa":[10],"class_list":["post-1038","anal","type-anal","status-publish","hentry","grupo_pesquisa-ensino-de-etica-e-teorias-do-jornalismo"],"arquivo":{"ID":"1039","post_author":"2","post_date":"2023-10-07 10:23:16","post_date_gmt":"2023-10-07 13:23:16","post_content":"","post_title":"KONIG","post_excerpt":"","post_status":"inherit","comment_status":"open","ping_status":"closed","post_password":"","post_name":"konig","to_ping":"","pinged":"","post_modified":"2023-10-07 10:23:44","post_modified_gmt":"2023-10-07 13:23:44","post_content_filtered":"","post_parent":"1038","guid":"https:\/\/repositorio.abejor.org.br\/wp-content\/uploads\/2023\/10\/KONIG.pdf","menu_order":"0","post_type":"attachment","post_mime_type":"application\/pdf","comment_count":"0","pod_item_id":"1039"},"autor":"Mauri K\u00f6nig","palavras_chaves":"Jornalismo, comunicadores, crise de identidade, sigilo de fonte, concorr\u00eancia na web","evento":[{"ID":932,"post_title":"17\u00ba Encontro Nacional de Professores de Jornalismo","post_content":"","post_excerpt":"O 17\u00ba Encontro Nacional de Professores de Jornalismo (17\u00ba ENPJ), que ocorreu entre os dias 18 a 20 de abril de 2018, em Palmas (TO). A organiza\u00e7\u00e3o local do 17\u00ba ENPJ esteve sob a responsabilidade do Curso de Jornalismo da Universidade Federal do Tocantins (UFT).","post_author":"2","post_date":"2018-04-18 07:55:44","post_date_gmt":"2018-04-18 10:55:44","post_status":"publish","comment_status":"closed","ping_status":"closed","post_password":"","post_name":"o-17o-encontro-nacional-de-professores-de-jornalismo-17o-enpj","to_ping":"","pinged":"","post_modified":"2026-04-06 20:00:11","post_modified_gmt":"2026-04-06 23:00:11","post_content_filtered":"","post_parent":0,"guid":"https:\/\/repositorio.abejor.org.br\/?post_type=evento&#038;p=932","menu_order":0,"post_type":"evento","post_mime_type":"","comment_count":"0","comments":false,"_thumbnail_id":["933","2","2023-10-07 07:51:17","2023-10-07 10:51:17","","17","","inherit","open","closed","","17","","","2023-10-07 07:51:17","2023-10-07 10:51:17","","932","https:\/\/repositorio.abejor.org.br\/wp-content\/uploads\/2023\/10\/17.jpg","0","attachment","image\/jpeg","0","933"],"id":932}],"grupo_de_pesquisa":[{"term_id":10,"name":"Ensino de \u00c9tica e Teorias do Jornalismo","slug":"ensino-de-etica-e-teorias-do-jornalismo","description":"","taxonomy":"grupo_pesquisa","parent":0,"term_taxonomy_id":10,"term_group":0,"count":84,"object_id":null,"term_order":null,"id":10}],"_links":{"self":[{"href":"https:\/\/repositorio.abejor.org.br\/index.php\/wp-json\/wp\/v2\/anal\/1038","targetHints":{"allow":["GET"]}}],"collection":[{"href":"https:\/\/repositorio.abejor.org.br\/index.php\/wp-json\/wp\/v2\/anal"}],"about":[{"href":"https:\/\/repositorio.abejor.org.br\/index.php\/wp-json\/wp\/v2\/types\/anal"}],"wp:attachment":[{"href":"https:\/\/repositorio.abejor.org.br\/index.php\/wp-json\/wp\/v2\/media?parent=1038"}],"wp:term":[{"taxonomy":"grupo_pesquisa","embeddable":true,"href":"https:\/\/repositorio.abejor.org.br\/index.php\/wp-json\/wp\/v2\/grupo_pesquisa?post=1038"}],"curies":[{"name":"wp","href":"https:\/\/api.w.org\/{rel}","templated":true}]}}

O QUE É JORNALISMO, QUEM É JORNALISTA E A QUEM CABE O SIGILO DE FONTE?

<p>O establishment jornalístico enfrenta uma crise de identidade. O ingresso de novos atores<br />
sociais na Web está minando o protagonismo dos jornalistas na produção e difusão de<br />
informações. Borraram-se as fronteiras entre quem é e quem não é jornalista Este artigo<br />
alimenta o debate a partir de dois episódios. O primeiro ocorrido nos Estados Unidos, quando o<br />
The New York Times corrigiu uma matéria para atender ao pedido de uma ativista que queria<br />
ser citada como jornalista. O outro caso se deu no Brasil, quando o juiz Sergio Moro,<br />
responsável pela Operação Lava Jato, negou o direito ao sigilo de fonte ao blogueiro Eduardo<br />
Guimarães, mas retrocedeu após queixas de entidades de jornalismo. Afinal, o que é jornalismo<br />
e quem está autorizado a exercê-lo?</p>

Mauri König

Jornalismo, comunicadores, crise de identidade, sigilo de fonte, concorrência na web

17º Encontro Nacional de Professores de Jornalismo

O 17º Encontro Nacional de Professores de Jornalismo (17º ENPJ), que ocorreu entre os dias 18 a 20 de abril de 2018, em Palmas (TO). A organização local do 17º ENPJ esteve sob a responsabilidade do Curso de Jornalismo da Universidade Federal do Tocantins (UFT).

Ensino de Ética e Teorias do Jornalismo
