{"id":1032,"date":"2023-10-07T10:15:33","date_gmt":"2023-10-07T13:15:33","guid":{"rendered":"https:\/\/repositorio.abejor.org.br\/?post_type=anal&#038;p=1032"},"modified":"2023-10-07T10:15:33","modified_gmt":"2023-10-07T13:15:33","slug":"jornalismo-ead-o-desafio-da-producao-laboratorial","status":"publish","type":"anal","link":"https:\/\/repositorio.abejor.org.br\/?anal=jornalismo-ead-o-desafio-da-producao-laboratorial","title":{"rendered":"JORNALISMO EAD: O DESAFIO DA PRODU\u00c7\u00c3O LABORATORIAL"},"excerpt":{"rendered":"<p>Um dos grandes desafios na constitui\u00e7\u00e3o do curso de Jornalismo a dist\u00e2ncia,<br \/>\ncujo conte\u00fado conta com uma grande parcela de atividades pr\u00e1ticas\/aplicadas, \u00e9<br \/>\njustamente a elabora\u00e7\u00e3o de um plano que considere tamb\u00e9m estes aspectos na<br \/>\nforma\u00e7\u00e3o. Neste relato, apresentamos o que vem sendo<br \/>\ndesenvolvido no Centro Universit\u00e1rio Uninter como alternativas a estas<br \/>\nquest\u00f5es, considerando o que \u00e9 exigido pelas diretrizes curriculares nacionais<br \/>\ndos cursos de jornalismo no Brasil.<\/p>\n","protected":false},"template":"","grupo_pesquisa":[13],"class_list":["post-1032","anal","type-anal","status-publish","hentry","grupo_pesquisa-projetos-pedagogicos-e-metodologias-de-ensino"],"arquivo":{"ID":"1033","post_author":"2","post_date":"2023-10-07 10:14:42","post_date_gmt":"2023-10-07 13:14:42","post_content":"","post_title":"CARVALHO","post_excerpt":"","post_status":"inherit","comment_status":"open","ping_status":"closed","post_password":"","post_name":"carvalho","to_ping":"","pinged":"","post_modified":"2023-10-07 10:15:23","post_modified_gmt":"2023-10-07 13:15:23","post_content_filtered":"","post_parent":"1032","guid":"https:\/\/repositorio.abejor.org.br\/wp-content\/uploads\/2023\/10\/CARVALHO.pdf","menu_order":"0","post_type":"attachment","post_mime_type":"application\/pdf","comment_count":"0","pod_item_id":"1033"},"autor":"Guilherme Carvalho; Elton Schneider","palavras_chaves":"Ensino \u00e0 dist\u00e2ncia, Jornalismo, Pr\u00e1tica laboratorial","evento":[{"ID":932,"post_title":"17\u00ba Encontro Nacional de Professores de Jornalismo","post_content":"","post_excerpt":"O 17\u00ba Encontro Nacional de Professores de Jornalismo (17\u00ba ENPJ), que ocorreu entre os dias 18 a 20 de abril de 2018, em Palmas (TO). A organiza\u00e7\u00e3o local do 17\u00ba ENPJ esteve sob a responsabilidade do Curso de Jornalismo da Universidade Federal do Tocantins (UFT).","post_author":"2","post_date":"2018-04-18 07:55:44","post_date_gmt":"2018-04-18 10:55:44","post_status":"publish","comment_status":"closed","ping_status":"closed","post_password":"","post_name":"o-17o-encontro-nacional-de-professores-de-jornalismo-17o-enpj","to_ping":"","pinged":"","post_modified":"2026-04-06 20:00:11","post_modified_gmt":"2026-04-06 23:00:11","post_content_filtered":"","post_parent":0,"guid":"https:\/\/repositorio.abejor.org.br\/?post_type=evento&#038;p=932","menu_order":0,"post_type":"evento","post_mime_type":"","comment_count":"0","comments":false,"_thumbnail_id":["933","2","2023-10-07 07:51:17","2023-10-07 10:51:17","","17","","inherit","open","closed","","17","","","2023-10-07 07:51:17","2023-10-07 10:51:17","","932","https:\/\/repositorio.abejor.org.br\/wp-content\/uploads\/2023\/10\/17.jpg","0","attachment","image\/jpeg","0","933"],"id":932}],"grupo_de_pesquisa":[{"term_id":13,"name":"Projetos Pedag\u00f3gicos e Metodologias de Ensino","slug":"projetos-pedagogicos-e-metodologias-de-ensino","description":"","taxonomy":"grupo_pesquisa","parent":0,"term_taxonomy_id":13,"term_group":0,"count":162,"object_id":null,"term_order":null,"id":13}],"_links":{"self":[{"href":"https:\/\/repositorio.abejor.org.br\/index.php\/wp-json\/wp\/v2\/anal\/1032","targetHints":{"allow":["GET"]}}],"collection":[{"href":"https:\/\/repositorio.abejor.org.br\/index.php\/wp-json\/wp\/v2\/anal"}],"about":[{"href":"https:\/\/repositorio.abejor.org.br\/index.php\/wp-json\/wp\/v2\/types\/anal"}],"wp:attachment":[{"href":"https:\/\/repositorio.abejor.org.br\/index.php\/wp-json\/wp\/v2\/media?parent=1032"}],"wp:term":[{"taxonomy":"grupo_pesquisa","embeddable":true,"href":"https:\/\/repositorio.abejor.org.br\/index.php\/wp-json\/wp\/v2\/grupo_pesquisa?post=1032"}],"curies":[{"name":"wp","href":"https:\/\/api.w.org\/{rel}","templated":true}]}}

JORNALISMO EAD: O DESAFIO DA PRODUÇÃO LABORATORIAL

<p>Um dos grandes desafios na constituição do curso de Jornalismo a distância,<br />
cujo conteúdo conta com uma grande parcela de atividades práticas/aplicadas, é<br />
justamente a elaboração de um plano que considere também estes aspectos na<br />
formação. Neste relato, apresentamos o que vem sendo<br />
desenvolvido no Centro Universitário Uninter como alternativas a estas<br />
questões, considerando o que é exigido pelas diretrizes curriculares nacionais<br />
dos cursos de jornalismo no Brasil.</p>

Ensino à distância, Jornalismo, Prática laboratorial

17º Encontro Nacional de Professores de Jornalismo

O 17º Encontro Nacional de Professores de Jornalismo (17º ENPJ), que ocorreu entre os dias 18 a 20 de abril de 2018, em Palmas (TO). A organização local do 17º ENPJ esteve sob a responsabilidade do Curso de Jornalismo da Universidade Federal do Tocantins (UFT).

Projetos Pedagógicos e Metodologias de Ensino
