{"id":1005,"date":"2023-10-07T09:33:51","date_gmt":"2023-10-07T12:33:51","guid":{"rendered":"https:\/\/repositorio.abejor.org.br\/?post_type=anal&#038;p=1005"},"modified":"2023-10-07T09:33:51","modified_gmt":"2023-10-07T12:33:51","slug":"representacoes-de-poeticas-da-cultura-afrobrasileira-candomble-e-tambor-de-mina-em-telejornais-da-bahia-e-do-maranhao","status":"publish","type":"anal","link":"https:\/\/repositorio.abejor.org.br\/?anal=representacoes-de-poeticas-da-cultura-afrobrasileira-candomble-e-tambor-de-mina-em-telejornais-da-bahia-e-do-maranhao","title":{"rendered":"REPRESENTA\u00c7\u00d5ES DE PO\u00c9TICAS DA CULTURA AFROBRASILEIRA: candombl\u00e9 e tambor de mina em telejornais da Bahia e do Maranh\u00e3o"},"excerpt":{"rendered":"<p>Tem-se como pressuposto que express\u00f5es po\u00e9ticas, presentes na linguagem de<br \/>\nterreiros, nos ritos, nas m\u00fasicas, nos cantos, nas dan\u00e7as, nos gestos, nas<br \/>\ncomidas, nas indument\u00e1rias, s\u00e3o fundamentais para o conhecimento da cultura<br \/>\nafro-brasileira e, notadamente, do povo de santo. Tais po\u00e9ticas est\u00e3o no entorno<br \/>\ne dentro dos terreiros de candombl\u00e9 e de mina. S\u00e3o express\u00f5es po\u00e9ticas de<br \/>\nintelectuais, de personalidades e lideran\u00e7as de cultos afro-brasileiros que se<br \/>\ntornam narrativas jornal\u00edsticas.<\/p>\n","protected":false},"template":"","grupo_pesquisa":[12],"class_list":["post-1005","anal","type-anal","status-publish","hentry","grupo_pesquisa-producao-laboratorial-eletronicos-e-impressos"],"arquivo":{"ID":"1006","post_author":"2","post_date":"2023-10-07 09:33:19","post_date_gmt":"2023-10-07 12:33:19","post_content":"","post_title":"Castro","post_excerpt":"","post_status":"inherit","comment_status":"open","ping_status":"closed","post_password":"","post_name":"castro","to_ping":"","pinged":"","post_modified":"2023-10-07 09:33:41","post_modified_gmt":"2023-10-07 12:33:41","post_content_filtered":"","post_parent":"1005","guid":"https:\/\/repositorio.abejor.org.br\/wp-content\/uploads\/2023\/10\/Castro.pdf","menu_order":"0","post_type":"attachment","post_mime_type":"application\/pdf","comment_count":"0","pod_item_id":"1006"},"autor":"Gis\u00e9lia Castro Silva","palavras_chaves":"Telejornalismo, Narrativas, Express\u00f5es po\u00e9ticas, Candombl\u00e9, Tambor de Mina","evento":[{"ID":932,"post_title":"17\u00ba Encontro Nacional de Professores de Jornalismo","post_content":"","post_excerpt":"O 17\u00ba Encontro Nacional de Professores de Jornalismo (17\u00ba ENPJ), que ocorreu entre os dias 18 a 20 de abril de 2018, em Palmas (TO). A organiza\u00e7\u00e3o local do 17\u00ba ENPJ esteve sob a responsabilidade do Curso de Jornalismo da Universidade Federal do Tocantins (UFT).","post_author":"2","post_date":"2018-04-18 07:55:44","post_date_gmt":"2018-04-18 10:55:44","post_status":"publish","comment_status":"closed","ping_status":"closed","post_password":"","post_name":"o-17o-encontro-nacional-de-professores-de-jornalismo-17o-enpj","to_ping":"","pinged":"","post_modified":"2026-04-06 20:00:11","post_modified_gmt":"2026-04-06 23:00:11","post_content_filtered":"","post_parent":0,"guid":"https:\/\/repositorio.abejor.org.br\/?post_type=evento&#038;p=932","menu_order":0,"post_type":"evento","post_mime_type":"","comment_count":"0","comments":false,"_thumbnail_id":["933","2","2023-10-07 07:51:17","2023-10-07 10:51:17","","17","","inherit","open","closed","","17","","","2023-10-07 07:51:17","2023-10-07 10:51:17","","932","https:\/\/repositorio.abejor.org.br\/wp-content\/uploads\/2023\/10\/17.jpg","0","attachment","image\/jpeg","0","933"],"id":932}],"grupo_de_pesquisa":[{"term_id":12,"name":"Produ\u00e7\u00e3o Laboratorial eletr\u00f4nicos e impressos","slug":"producao-laboratorial-eletronicos-e-impressos","description":"","taxonomy":"grupo_pesquisa","parent":0,"term_taxonomy_id":12,"term_group":0,"count":167,"object_id":null,"term_order":null,"id":12}],"_links":{"self":[{"href":"https:\/\/repositorio.abejor.org.br\/index.php\/wp-json\/wp\/v2\/anal\/1005","targetHints":{"allow":["GET"]}}],"collection":[{"href":"https:\/\/repositorio.abejor.org.br\/index.php\/wp-json\/wp\/v2\/anal"}],"about":[{"href":"https:\/\/repositorio.abejor.org.br\/index.php\/wp-json\/wp\/v2\/types\/anal"}],"wp:attachment":[{"href":"https:\/\/repositorio.abejor.org.br\/index.php\/wp-json\/wp\/v2\/media?parent=1005"}],"wp:term":[{"taxonomy":"grupo_pesquisa","embeddable":true,"href":"https:\/\/repositorio.abejor.org.br\/index.php\/wp-json\/wp\/v2\/grupo_pesquisa?post=1005"}],"curies":[{"name":"wp","href":"https:\/\/api.w.org\/{rel}","templated":true}]}}

REPRESENTAÇÕES DE POÉTICAS DA CULTURA AFROBRASILEIRA: candomblé e tambor de mina em telejornais da Bahia e do Maranhão

<p>Tem-se como pressuposto que expressões poéticas, presentes na linguagem de<br />
terreiros, nos ritos, nas músicas, nos cantos, nas danças, nos gestos, nas<br />
comidas, nas indumentárias, são fundamentais para o conhecimento da cultura<br />
afro-brasileira e, notadamente, do povo de santo. Tais poéticas estão no entorno<br />
e dentro dos terreiros de candomblé e de mina. São expressões poéticas de<br />
intelectuais, de personalidades e lideranças de cultos afro-brasileiros que se<br />
tornam narrativas jornalísticas.</p>

Gisélia Castro Silva

Telejornalismo, Narrativas, Expressões poéticas, Candomblé, Tambor de Mina

17º Encontro Nacional de Professores de Jornalismo

O 17º Encontro Nacional de Professores de Jornalismo (17º ENPJ), que ocorreu entre os dias 18 a 20 de abril de 2018, em Palmas (TO). A organização local do 17º ENPJ esteve sob a responsabilidade do Curso de Jornalismo da Universidade Federal do Tocantins (UFT).

Produção Laboratorial eletrônicos e impressos
